{"id":11832,"date":"2025-10-19T17:21:42","date_gmt":"2025-10-19T15:21:42","guid":{"rendered":"https:\/\/legrenierdelatour.be\/brocante\/?post_type=product&#038;p=11832"},"modified":"2025-10-19T17:38:32","modified_gmt":"2025-10-19T15:38:32","slug":"tapisserie-extrait-de-la-tapisserie-de-bayeux-1976","status":"publish","type":"product","link":"https:\/\/legrenierdelatour.be\/brocante\/produit\/tapisserie-extrait-de-la-tapisserie-de-bayeux-1976\/","title":{"rendered":"Tapisserie, extrait de la Tapisserie de Bayeux, 1976"},"content":{"rendered":"<p>Tapisserie (190&#215;95 cm) portant une repr\u00e9sentation de la tapisserie de Bayeux qui racobte les \u00e9v\u00e8ne\u00f9ents de la conqu\u00e8te de l\u2019Angleterre par le duc de Normandie en 1066. Nous avons ici, un extrait intitul\u00e9 \u00ab\u00a0Prise de Dinan\u00a0\u00bb , une tapisserie en tissage m\u00e9canique en tissu pure laine doubl\u00e9 de jute, dat\u00e9e de 1976. Elle a \u00e9t\u00e9 r\u00e9alis\u00e9e par la Maison \u00ab\u00a0Jean Laurent Editeur d\u2019Arts en France.<\/p>\n<div>R\u00e9f 47.19<\/div>\n","protected":false},"excerpt":{"rendered":"<p>Tapisserie (190&#215;95 cm) portant une repr\u00e9sentation de la tapisserie de Bayeux qui racobte les \u00e9v\u00e8ne\u00f9ents de la conqu\u00e8te de l\u2019Angleterre par le duc de Normandie en 1066. Nous avons ici, un extrait intitul\u00e9 \u00ab\u00a0Prise de Dinan\u00a0\u00bb , une tapisserie en tissage m\u00e9canique en tissu pure laine doubl\u00e9 de jute, dat\u00e9e de 1976. Elle a \u00e9t\u00e9&hellip;&nbsp;<a href=\"https:\/\/legrenierdelatour.be\/brocante\/produit\/tapisserie-extrait-de-la-tapisserie-de-bayeux-1976\/\" class=\"\" rel=\"bookmark\">Lire la suite &raquo;<span class=\"screen-reader-text\">Tapisserie, extrait de la Tapisserie de Bayeux, 1976<\/span><\/a><\/p>\n","protected":false},"featured_media":11833,"comment_status":"open","ping_status":"closed","template":"","meta":{"neve_meta_sidebar":"","neve_meta_container":"","neve_meta_enable_content_width":"off","neve_meta_content_width":100,"neve_meta_title_alignment":"","neve_meta_author_avatar":"","neve_post_elements_order":"","neve_meta_disable_header":"","neve_meta_disable_footer":"","neve_meta_disable_title":""},"product_brand":[],"product_cat":[167],"product_tag":[],"class_list":{"0":"post-11832","1":"product","2":"type-product","3":"status-publish","4":"has-post-thumbnail","6":"product_cat-peintures-et-sculptures","8":"first","9":"instock","10":"shipping-taxable","11":"purchasable","12":"product-type-simple"},"_links":{"self":[{"href":"https:\/\/legrenierdelatour.be\/brocante\/wp-json\/wp\/v2\/product\/11832","targetHints":{"allow":["GET"]}}],"collection":[{"href":"https:\/\/legrenierdelatour.be\/brocante\/wp-json\/wp\/v2\/product"}],"about":[{"href":"https:\/\/legrenierdelatour.be\/brocante\/wp-json\/wp\/v2\/types\/product"}],"replies":[{"embeddable":true,"href":"https:\/\/legrenierdelatour.be\/brocante\/wp-json\/wp\/v2\/comments?post=11832"}],"wp:featuredmedia":[{"embeddable":true,"href":"https:\/\/legrenierdelatour.be\/brocante\/wp-json\/wp\/v2\/media\/11833"}],"wp:attachment":[{"href":"https:\/\/legrenierdelatour.be\/brocante\/wp-json\/wp\/v2\/media?parent=11832"}],"wp:term":[{"taxonomy":"product_brand","embeddable":true,"href":"https:\/\/legrenierdelatour.be\/brocante\/wp-json\/wp\/v2\/product_brand?post=11832"},{"taxonomy":"product_cat","embeddable":true,"href":"https:\/\/legrenierdelatour.be\/brocante\/wp-json\/wp\/v2\/product_cat?post=11832"},{"taxonomy":"product_tag","embeddable":true,"href":"https:\/\/legrenierdelatour.be\/brocante\/wp-json\/wp\/v2\/product_tag?post=11832"}],"curies":[{"name":"wp","href":"https:\/\/api.w.org\/{rel}","templated":true}]}}