{"id":11831,"date":"2025-10-19T16:59:16","date_gmt":"2025-10-19T14:59:16","guid":{"rendered":"https:\/\/legrenierdelatour.be\/brocante\/?post_type=product&#038;p=11831"},"modified":"2025-10-19T16:59:16","modified_gmt":"2025-10-19T14:59:16","slug":"peinture-bouquet-lucien-maringer","status":"publish","type":"product","link":"https:\/\/legrenierdelatour.be\/brocante\/produit\/peinture-bouquet-lucien-maringer\/","title":{"rendered":"Peinture \u00ab\u00a0Bouquet\u00a0\u00bb, Lucien Maringer"},"content":{"rendered":"<p>Peinture sur carton (61&#215;81 cm cadre compris) repr\u00e9sentant un bouquet de Liorit dans un vase turquoise. Elle est sign\u00e9e en bas \u00e0 droite L.Maringer. Lucien Maringer (Sampont 1903-Libramont 1981), \u00e9l\u00e8ve de Marie Howet, il aime peindre des natures mortes, des sc\u00e8nes populaires, \u00e0 sa fa\u00e7on spontan\u00e9e dans son style \u00e9mouvant de simplicit\u00e9 et de po\u00e9sie. Observateur infatiguable, il dessine ses compatriotes dans les sc\u00e8nes de vie qui l\u2019entourent.<\/p>\n<div>R\u00e9f 47.18<\/div>\n","protected":false},"excerpt":{"rendered":"<p>Peinture sur carton (61&#215;81 cm cadre compris) repr\u00e9sentant un bouquet de Liorit dans un vase turquoise. Elle est sign\u00e9e en bas \u00e0 droite L.Maringer. Lucien Maringer (Sampont 1903-Libramont 1981), \u00e9l\u00e8ve de Marie Howet, il aime peindre des natures mortes, des sc\u00e8nes populaires, \u00e0 sa fa\u00e7on spontan\u00e9e dans son style \u00e9mouvant de simplicit\u00e9 et de po\u00e9sie.&hellip;&nbsp;<a href=\"https:\/\/legrenierdelatour.be\/brocante\/produit\/peinture-bouquet-lucien-maringer\/\" class=\"\" rel=\"bookmark\">Lire la suite &raquo;<span class=\"screen-reader-text\">Peinture \u00ab\u00a0Bouquet\u00a0\u00bb, Lucien Maringer<\/span><\/a><\/p>\n","protected":false},"featured_media":11825,"comment_status":"open","ping_status":"closed","template":"","meta":{"neve_meta_sidebar":"","neve_meta_container":"","neve_meta_enable_content_width":"off","neve_meta_content_width":100,"neve_meta_title_alignment":"","neve_meta_author_avatar":"","neve_post_elements_order":"","neve_meta_disable_header":"","neve_meta_disable_footer":"","neve_meta_disable_title":""},"product_brand":[],"product_cat":[31,167],"product_tag":[],"class_list":{"0":"post-11831","1":"product","2":"type-product","3":"status-publish","4":"has-post-thumbnail","6":"product_cat-pays-darlon","7":"product_cat-peintures-et-sculptures","9":"first","10":"instock","11":"shipping-taxable","12":"purchasable","13":"product-type-simple"},"_links":{"self":[{"href":"https:\/\/legrenierdelatour.be\/brocante\/wp-json\/wp\/v2\/product\/11831","targetHints":{"allow":["GET"]}}],"collection":[{"href":"https:\/\/legrenierdelatour.be\/brocante\/wp-json\/wp\/v2\/product"}],"about":[{"href":"https:\/\/legrenierdelatour.be\/brocante\/wp-json\/wp\/v2\/types\/product"}],"replies":[{"embeddable":true,"href":"https:\/\/legrenierdelatour.be\/brocante\/wp-json\/wp\/v2\/comments?post=11831"}],"wp:featuredmedia":[{"embeddable":true,"href":"https:\/\/legrenierdelatour.be\/brocante\/wp-json\/wp\/v2\/media\/11825"}],"wp:attachment":[{"href":"https:\/\/legrenierdelatour.be\/brocante\/wp-json\/wp\/v2\/media?parent=11831"}],"wp:term":[{"taxonomy":"product_brand","embeddable":true,"href":"https:\/\/legrenierdelatour.be\/brocante\/wp-json\/wp\/v2\/product_brand?post=11831"},{"taxonomy":"product_cat","embeddable":true,"href":"https:\/\/legrenierdelatour.be\/brocante\/wp-json\/wp\/v2\/product_cat?post=11831"},{"taxonomy":"product_tag","embeddable":true,"href":"https:\/\/legrenierdelatour.be\/brocante\/wp-json\/wp\/v2\/product_tag?post=11831"}],"curies":[{"name":"wp","href":"https:\/\/api.w.org\/{rel}","templated":true}]}}