{"id":11752,"date":"2025-10-04T17:07:55","date_gmt":"2025-10-04T15:07:55","guid":{"rendered":"https:\/\/legrenierdelatour.be\/brocante\/?post_type=product&#038;p=11752"},"modified":"2025-10-04T17:07:55","modified_gmt":"2025-10-04T15:07:55","slug":"soupiere-boch-sorbier-1900","status":"publish","type":"product","link":"https:\/\/legrenierdelatour.be\/brocante\/produit\/soupiere-boch-sorbier-1900\/","title":{"rendered":"Soupi\u00e8re Boch \u00ab\u00a0Sorbier\u00a0\u00bb, 1900"},"content":{"rendered":"<p>Belle soupi\u00e8re (25 cm de diam\u00e8tre) produite par Boch la Louvi\u00e8re autour des ann\u00e9es 1900, d\u2019apr\u00e8s le cachet. Le nom de cette collection est Sorbier. La Soupi\u00e8re est en parfait \u00e9tat.<\/p>\n<div>R\u00e9f 46.89<\/div>\n","protected":false},"excerpt":{"rendered":"<p>Belle soupi\u00e8re (25 cm de diam\u00e8tre) produite par Boch la Louvi\u00e8re autour des ann\u00e9es 1900, d\u2019apr\u00e8s le cachet. Le nom de cette collection est Sorbier. La Soupi\u00e8re est en parfait \u00e9tat. R\u00e9f 46.89<\/p>\n","protected":false},"featured_media":11762,"comment_status":"open","ping_status":"closed","template":"","meta":{"neve_meta_sidebar":"","neve_meta_container":"","neve_meta_enable_content_width":"off","neve_meta_content_width":100,"neve_meta_title_alignment":"","neve_meta_author_avatar":"","neve_post_elements_order":"","neve_meta_disable_header":"","neve_meta_disable_footer":"","neve_meta_disable_title":""},"product_brand":[],"product_cat":[37,175,16],"product_tag":[],"class_list":{"0":"post-11752","1":"product","2":"type-product","3":"status-publish","4":"has-post-thumbnail","6":"product_cat-belgique","7":"product_cat-boch","8":"product_cat-ceramique","10":"first","11":"instock","12":"shipping-taxable","13":"purchasable","14":"product-type-simple"},"_links":{"self":[{"href":"https:\/\/legrenierdelatour.be\/brocante\/wp-json\/wp\/v2\/product\/11752","targetHints":{"allow":["GET"]}}],"collection":[{"href":"https:\/\/legrenierdelatour.be\/brocante\/wp-json\/wp\/v2\/product"}],"about":[{"href":"https:\/\/legrenierdelatour.be\/brocante\/wp-json\/wp\/v2\/types\/product"}],"replies":[{"embeddable":true,"href":"https:\/\/legrenierdelatour.be\/brocante\/wp-json\/wp\/v2\/comments?post=11752"}],"wp:featuredmedia":[{"embeddable":true,"href":"https:\/\/legrenierdelatour.be\/brocante\/wp-json\/wp\/v2\/media\/11762"}],"wp:attachment":[{"href":"https:\/\/legrenierdelatour.be\/brocante\/wp-json\/wp\/v2\/media?parent=11752"}],"wp:term":[{"taxonomy":"product_brand","embeddable":true,"href":"https:\/\/legrenierdelatour.be\/brocante\/wp-json\/wp\/v2\/product_brand?post=11752"},{"taxonomy":"product_cat","embeddable":true,"href":"https:\/\/legrenierdelatour.be\/brocante\/wp-json\/wp\/v2\/product_cat?post=11752"},{"taxonomy":"product_tag","embeddable":true,"href":"https:\/\/legrenierdelatour.be\/brocante\/wp-json\/wp\/v2\/product_tag?post=11752"}],"curies":[{"name":"wp","href":"https:\/\/api.w.org\/{rel}","templated":true}]}}