{"id":11701,"date":"2025-09-30T15:34:13","date_gmt":"2025-09-30T13:34:13","guid":{"rendered":"https:\/\/legrenierdelatour.be\/brocante\/?post_type=product&#038;p=11701"},"modified":"2025-09-30T15:34:13","modified_gmt":"2025-09-30T13:34:13","slug":"assiette-chasse-aux-becasses-boch-luxembourg-19e-siecle","status":"publish","type":"product","link":"https:\/\/legrenierdelatour.be\/brocante\/produit\/assiette-chasse-aux-becasses-boch-luxembourg-19e-siecle\/","title":{"rendered":"Assiette \u00ab\u00a0Chasse aux B\u00e9casses\u00a0\u00bb, Boch Luxembourg, 19\u00e8 si\u00e8cle"},"content":{"rendered":"<p>Assiette parlante profonde (23 cm de diam\u00e8tre) portant une repr\u00e9sentation de la \u00ab\u00a0Chasse aux b\u00e9casses\u00a0\u00bb . Elle porte la marque en creux \u00ab\u00a0Porcelaine opaque\/P.J. Boch \/ Luxembourg\/2\u00a0\u00bb datant des ann\u00e9es 1830-1855. Cette assiette est en assez mauvais \u00e9tat.<\/p>\n<div>R\u00e9f 46.79<\/div>\n","protected":false},"excerpt":{"rendered":"<p>Assiette parlante profonde (23 cm de diam\u00e8tre) portant une repr\u00e9sentation de la \u00ab\u00a0Chasse aux b\u00e9casses\u00a0\u00bb . Elle porte la marque en creux \u00ab\u00a0Porcelaine opaque\/P.J. Boch \/ Luxembourg\/2\u00a0\u00bb datant des ann\u00e9es 1830-1855. Cette assiette est en assez mauvais \u00e9tat. R\u00e9f 46.79<\/p>\n","protected":false},"featured_media":11718,"comment_status":"open","ping_status":"closed","template":"","meta":{"neve_meta_sidebar":"","neve_meta_container":"","neve_meta_enable_content_width":"off","neve_meta_content_width":100,"neve_meta_title_alignment":"","neve_meta_author_avatar":"","neve_post_elements_order":"","neve_meta_disable_header":"","neve_meta_disable_footer":"","neve_meta_disable_title":""},"product_brand":[],"product_cat":[16,165,29],"product_tag":[],"class_list":{"0":"post-11701","1":"product","2":"type-product","3":"status-publish","4":"has-post-thumbnail","6":"product_cat-ceramique","7":"product_cat-luxembourg","8":"product_cat-villeroy-boch","10":"first","11":"instock","12":"shipping-taxable","13":"purchasable","14":"product-type-simple"},"_links":{"self":[{"href":"https:\/\/legrenierdelatour.be\/brocante\/wp-json\/wp\/v2\/product\/11701","targetHints":{"allow":["GET"]}}],"collection":[{"href":"https:\/\/legrenierdelatour.be\/brocante\/wp-json\/wp\/v2\/product"}],"about":[{"href":"https:\/\/legrenierdelatour.be\/brocante\/wp-json\/wp\/v2\/types\/product"}],"replies":[{"embeddable":true,"href":"https:\/\/legrenierdelatour.be\/brocante\/wp-json\/wp\/v2\/comments?post=11701"}],"wp:featuredmedia":[{"embeddable":true,"href":"https:\/\/legrenierdelatour.be\/brocante\/wp-json\/wp\/v2\/media\/11718"}],"wp:attachment":[{"href":"https:\/\/legrenierdelatour.be\/brocante\/wp-json\/wp\/v2\/media?parent=11701"}],"wp:term":[{"taxonomy":"product_brand","embeddable":true,"href":"https:\/\/legrenierdelatour.be\/brocante\/wp-json\/wp\/v2\/product_brand?post=11701"},{"taxonomy":"product_cat","embeddable":true,"href":"https:\/\/legrenierdelatour.be\/brocante\/wp-json\/wp\/v2\/product_cat?post=11701"},{"taxonomy":"product_tag","embeddable":true,"href":"https:\/\/legrenierdelatour.be\/brocante\/wp-json\/wp\/v2\/product_tag?post=11701"}],"curies":[{"name":"wp","href":"https:\/\/api.w.org\/{rel}","templated":true}]}}