{"id":11647,"date":"2025-09-20T16:36:04","date_gmt":"2025-09-20T14:36:04","guid":{"rendered":"https:\/\/legrenierdelatour.be\/brocante\/?post_type=product&#038;p=11647"},"modified":"2025-09-20T16:36:04","modified_gmt":"2025-09-20T14:36:04","slug":"assiette-province-de-luxembourg-ernest-bernardy","status":"publish","type":"product","link":"https:\/\/legrenierdelatour.be\/brocante\/produit\/assiette-province-de-luxembourg-ernest-bernardy\/","title":{"rendered":"Assiette Province de Luxembourg, Ernest Bernardy"},"content":{"rendered":"<p>Assiette en c\u00e9ramique (23 cm de diam\u00e8tre) portant une repr\u00e9sentation du Blason de la Province de Luxembourg. Il s\u2019agit sans doute d\u2019une production de Ernest Bernardy (Athus 1923-2000), un artiste athusien, attach\u00e9 \u00e0 la Gaume. Elle n&rsquo;est pas sign\u00e9e. Ernest Bernardy, apr\u00e8s avoir fait l\u2019Acad\u00e9mie des Beaux Arts notamment \u00e0 Arlon, travaillera d\u00e8s 1947 comme professeur de dessin puis de c\u00e9ramique \u00e0 l\u2019Ath\u00e9n\u00e9e Royal de Virton. Install\u00e9 \u00e0 Saint Mard, il enseignera jusqu\u2019en 1986.<\/p>\n<div>R\u00e9f 46.59<\/div>\n","protected":false},"excerpt":{"rendered":"<p>Assiette en c\u00e9ramique (23 cm de diam\u00e8tre) portant une repr\u00e9sentation du Blason de la Province de Luxembourg. Il s\u2019agit sans doute d\u2019une production de Ernest Bernardy (Athus 1923-2000), un artiste athusien, attach\u00e9 \u00e0 la Gaume. Elle n&rsquo;est pas sign\u00e9e. Ernest Bernardy, apr\u00e8s avoir fait l\u2019Acad\u00e9mie des Beaux Arts notamment \u00e0 Arlon, travaillera d\u00e8s 1947 comme&hellip;&nbsp;<a href=\"https:\/\/legrenierdelatour.be\/brocante\/produit\/assiette-province-de-luxembourg-ernest-bernardy\/\" class=\"\" rel=\"bookmark\">Lire la suite &raquo;<span class=\"screen-reader-text\">Assiette Province de Luxembourg, Ernest Bernardy<\/span><\/a><\/p>\n","protected":false},"featured_media":11648,"comment_status":"open","ping_status":"closed","template":"","meta":{"neve_meta_sidebar":"","neve_meta_container":"","neve_meta_enable_content_width":"off","neve_meta_content_width":100,"neve_meta_title_alignment":"","neve_meta_author_avatar":"","neve_post_elements_order":"","neve_meta_disable_header":"","neve_meta_disable_footer":"","neve_meta_disable_title":""},"product_brand":[],"product_cat":[16,31],"product_tag":[],"class_list":{"0":"post-11647","1":"product","2":"type-product","3":"status-publish","4":"has-post-thumbnail","6":"product_cat-ceramique","7":"product_cat-pays-darlon","9":"first","10":"instock","11":"shipping-taxable","12":"purchasable","13":"product-type-simple"},"_links":{"self":[{"href":"https:\/\/legrenierdelatour.be\/brocante\/wp-json\/wp\/v2\/product\/11647","targetHints":{"allow":["GET"]}}],"collection":[{"href":"https:\/\/legrenierdelatour.be\/brocante\/wp-json\/wp\/v2\/product"}],"about":[{"href":"https:\/\/legrenierdelatour.be\/brocante\/wp-json\/wp\/v2\/types\/product"}],"replies":[{"embeddable":true,"href":"https:\/\/legrenierdelatour.be\/brocante\/wp-json\/wp\/v2\/comments?post=11647"}],"wp:featuredmedia":[{"embeddable":true,"href":"https:\/\/legrenierdelatour.be\/brocante\/wp-json\/wp\/v2\/media\/11648"}],"wp:attachment":[{"href":"https:\/\/legrenierdelatour.be\/brocante\/wp-json\/wp\/v2\/media?parent=11647"}],"wp:term":[{"taxonomy":"product_brand","embeddable":true,"href":"https:\/\/legrenierdelatour.be\/brocante\/wp-json\/wp\/v2\/product_brand?post=11647"},{"taxonomy":"product_cat","embeddable":true,"href":"https:\/\/legrenierdelatour.be\/brocante\/wp-json\/wp\/v2\/product_cat?post=11647"},{"taxonomy":"product_tag","embeddable":true,"href":"https:\/\/legrenierdelatour.be\/brocante\/wp-json\/wp\/v2\/product_tag?post=11647"}],"curies":[{"name":"wp","href":"https:\/\/api.w.org\/{rel}","templated":true}]}}