{"id":11614,"date":"2025-09-20T10:20:23","date_gmt":"2025-09-20T08:20:23","guid":{"rendered":"https:\/\/legrenierdelatour.be\/brocante\/?post_type=product&#038;p=11614"},"modified":"2025-09-20T10:20:23","modified_gmt":"2025-09-20T08:20:23","slug":"ensemble-de-toilette-en-verre-dore-annees-1940-50","status":"publish","type":"product","link":"https:\/\/legrenierdelatour.be\/brocante\/produit\/ensemble-de-toilette-en-verre-dore-annees-1940-50\/","title":{"rendered":"Ensemble de toilette en verre dor\u00e9, ann\u00e9es 1940-50"},"content":{"rendered":"<p>Bel ensemble de toilette en verre dor\u00e9 compos\u00e9 d\u2019une bo\u00eete (11 cm de diam\u00e8tre), d\u2019un flacon (12 cm de haut) et d\u2019un flacon de parfum (12 cm de haut). Les dorures sont structur\u00e9es et peintes \u00e0 la main. L\u2019ensemble est sans doute une production belge des ann\u00e9es 1940-50.<\/p>\n<div>R\u00e9f 46.47<\/div>\n","protected":false},"excerpt":{"rendered":"<p>Bel ensemble de toilette en verre dor\u00e9 compos\u00e9 d\u2019une bo\u00eete (11 cm de diam\u00e8tre), d\u2019un flacon (12 cm de haut) et d\u2019un flacon de parfum (12 cm de haut). Les dorures sont structur\u00e9es et peintes \u00e0 la main. L\u2019ensemble est sans doute une production belge des ann\u00e9es 1940-50. R\u00e9f 46.47<\/p>\n","protected":false},"featured_media":11602,"comment_status":"open","ping_status":"closed","template":"","meta":{"neve_meta_sidebar":"","neve_meta_container":"","neve_meta_enable_content_width":"off","neve_meta_content_width":100,"neve_meta_title_alignment":"","neve_meta_author_avatar":"","neve_post_elements_order":"","neve_meta_disable_header":"","neve_meta_disable_footer":"","neve_meta_disable_title":""},"product_brand":[],"product_cat":[162,22],"product_tag":[],"class_list":{"0":"post-11614","1":"product","2":"type-product","3":"status-publish","4":"has-post-thumbnail","6":"product_cat-productions-belges","7":"product_cat-verrerie","9":"first","10":"instock","11":"shipping-taxable","12":"purchasable","13":"product-type-simple"},"_links":{"self":[{"href":"https:\/\/legrenierdelatour.be\/brocante\/wp-json\/wp\/v2\/product\/11614","targetHints":{"allow":["GET"]}}],"collection":[{"href":"https:\/\/legrenierdelatour.be\/brocante\/wp-json\/wp\/v2\/product"}],"about":[{"href":"https:\/\/legrenierdelatour.be\/brocante\/wp-json\/wp\/v2\/types\/product"}],"replies":[{"embeddable":true,"href":"https:\/\/legrenierdelatour.be\/brocante\/wp-json\/wp\/v2\/comments?post=11614"}],"wp:featuredmedia":[{"embeddable":true,"href":"https:\/\/legrenierdelatour.be\/brocante\/wp-json\/wp\/v2\/media\/11602"}],"wp:attachment":[{"href":"https:\/\/legrenierdelatour.be\/brocante\/wp-json\/wp\/v2\/media?parent=11614"}],"wp:term":[{"taxonomy":"product_brand","embeddable":true,"href":"https:\/\/legrenierdelatour.be\/brocante\/wp-json\/wp\/v2\/product_brand?post=11614"},{"taxonomy":"product_cat","embeddable":true,"href":"https:\/\/legrenierdelatour.be\/brocante\/wp-json\/wp\/v2\/product_cat?post=11614"},{"taxonomy":"product_tag","embeddable":true,"href":"https:\/\/legrenierdelatour.be\/brocante\/wp-json\/wp\/v2\/product_tag?post=11614"}],"curies":[{"name":"wp","href":"https:\/\/api.w.org\/{rel}","templated":true}]}}