{"id":11542,"date":"2025-09-13T11:46:56","date_gmt":"2025-09-13T09:46:56","guid":{"rendered":"https:\/\/legrenierdelatour.be\/brocante\/?post_type=product&#038;p=11542"},"modified":"2025-09-13T11:46:57","modified_gmt":"2025-09-13T09:46:57","slug":"petit-bol-en-faience-fine-napoleon-jemappes-cappellemans-19e-siecle","status":"publish","type":"product","link":"https:\/\/legrenierdelatour.be\/brocante\/produit\/petit-bol-en-faience-fine-napoleon-jemappes-cappellemans-19e-siecle\/","title":{"rendered":"Petit bol en fa\u00efence fine, Napol\u00e9on, Jemappes Cappellemans 19\u00e8 si\u00e8cle"},"content":{"rendered":"<p>Petit bol en fa\u00efence fine (7 cm de diam\u00e8tre) , portant des repr\u00e9sentations batailles\u00a0napol\u00e9oniennes. Il n\u2019est pas marqu\u00e9.\u00a0L\u2019int\u00e9rieur est orn\u00e9 de symboles napol\u00e9oniens.\u00a0Ce bol est sans doute issu de la manufacture de Jemappes (1837-1894). Cette manufacture cr\u00e9\u00e9e en 1837 par Auguste Picard et Eug\u00e8ne Willems est rachet\u00e9e en 1847 par l\u2019industriel Jean-Baptiste Cappellemans en association avec l\u2019Anglais William Smith. Les d\u00e9cors de Jemappes imprim\u00e9s par transfert en noir, vert, bleu et violet sont tr\u00e8s vite reconnus dans toutes les expositions.<\/p>\n<div>Deux exemplaires disponibles.<\/p>\n<div>R\u00e9f 46.25<\/div>\n<\/div>\n","protected":false},"excerpt":{"rendered":"<p>Petit bol en fa\u00efence fine (7 cm de diam\u00e8tre) , portant des repr\u00e9sentations batailles\u00a0napol\u00e9oniennes. Il n\u2019est pas marqu\u00e9.\u00a0L\u2019int\u00e9rieur est orn\u00e9 de symboles napol\u00e9oniens.\u00a0Ce bol est sans doute issu de la manufacture de Jemappes (1837-1894). Cette manufacture cr\u00e9\u00e9e en 1837 par Auguste Picard et Eug\u00e8ne Willems est rachet\u00e9e en 1847 par l\u2019industriel Jean-Baptiste Cappellemans en association&hellip;&nbsp;<a href=\"https:\/\/legrenierdelatour.be\/brocante\/produit\/petit-bol-en-faience-fine-napoleon-jemappes-cappellemans-19e-siecle\/\" class=\"\" rel=\"bookmark\">Lire la suite &raquo;<span class=\"screen-reader-text\">Petit bol en fa\u00efence fine, Napol\u00e9on, Jemappes Cappellemans 19\u00e8 si\u00e8cle<\/span><\/a><\/p>\n","protected":false},"featured_media":11506,"comment_status":"open","ping_status":"closed","template":"","meta":{"neve_meta_sidebar":"","neve_meta_container":"","neve_meta_enable_content_width":"off","neve_meta_content_width":100,"neve_meta_title_alignment":"","neve_meta_author_avatar":"","neve_post_elements_order":"","neve_meta_disable_header":"","neve_meta_disable_footer":"","neve_meta_disable_title":""},"product_brand":[],"product_cat":[37,16],"product_tag":[],"class_list":{"0":"post-11542","1":"product","2":"type-product","3":"status-publish","4":"has-post-thumbnail","6":"product_cat-belgique","7":"product_cat-ceramique","9":"first","10":"instock","11":"shipping-taxable","12":"purchasable","13":"product-type-simple"},"_links":{"self":[{"href":"https:\/\/legrenierdelatour.be\/brocante\/wp-json\/wp\/v2\/product\/11542","targetHints":{"allow":["GET"]}}],"collection":[{"href":"https:\/\/legrenierdelatour.be\/brocante\/wp-json\/wp\/v2\/product"}],"about":[{"href":"https:\/\/legrenierdelatour.be\/brocante\/wp-json\/wp\/v2\/types\/product"}],"replies":[{"embeddable":true,"href":"https:\/\/legrenierdelatour.be\/brocante\/wp-json\/wp\/v2\/comments?post=11542"}],"wp:featuredmedia":[{"embeddable":true,"href":"https:\/\/legrenierdelatour.be\/brocante\/wp-json\/wp\/v2\/media\/11506"}],"wp:attachment":[{"href":"https:\/\/legrenierdelatour.be\/brocante\/wp-json\/wp\/v2\/media?parent=11542"}],"wp:term":[{"taxonomy":"product_brand","embeddable":true,"href":"https:\/\/legrenierdelatour.be\/brocante\/wp-json\/wp\/v2\/product_brand?post=11542"},{"taxonomy":"product_cat","embeddable":true,"href":"https:\/\/legrenierdelatour.be\/brocante\/wp-json\/wp\/v2\/product_cat?post=11542"},{"taxonomy":"product_tag","embeddable":true,"href":"https:\/\/legrenierdelatour.be\/brocante\/wp-json\/wp\/v2\/product_tag?post=11542"}],"curies":[{"name":"wp","href":"https:\/\/api.w.org\/{rel}","templated":true}]}}