{"id":11538,"date":"2025-09-13T11:14:06","date_gmt":"2025-09-13T09:14:06","guid":{"rendered":"https:\/\/legrenierdelatour.be\/brocante\/?post_type=product&#038;p=11538"},"modified":"2025-09-13T11:14:06","modified_gmt":"2025-09-13T09:14:06","slug":"sucrier-en-faience-fine-scenes-religieuses-nimy-19e-siecle","status":"publish","type":"product","link":"https:\/\/legrenierdelatour.be\/brocante\/produit\/sucrier-en-faience-fine-scenes-religieuses-nimy-19e-siecle\/","title":{"rendered":"Sucrier en fa\u00efence fine, Sc\u00e8nes religieuses, Nimy 19\u00e8 si\u00e8cle"},"content":{"rendered":"<p>Sucrier en fa\u00efence fine (16 cm de haut couvercle compris) portant des d\u00e9corations de sc\u00e8nes religieuses. \u00a0Ce sucrier date de la deuxi\u00e8me moiti\u00e9 du 19\u00e8 si\u00e8cle. Ses petites anses sont en forme de t\u00eates f\u00e9minines.\u00a0La fa\u00efencerie de Mouzin Lecat \u00e0 Nimy, datant de 1851 \u00e0 1898 est la manufacture la plus probable pour ce sucrier.<\/p>\n<div>R\u00e9f 46.20<\/div>\n","protected":false},"excerpt":{"rendered":"<p>Sucrier en fa\u00efence fine (16 cm de haut couvercle compris) portant des d\u00e9corations de sc\u00e8nes religieuses. \u00a0Ce sucrier date de la deuxi\u00e8me moiti\u00e9 du 19\u00e8 si\u00e8cle. Ses petites anses sont en forme de t\u00eates f\u00e9minines.\u00a0La fa\u00efencerie de Mouzin Lecat \u00e0 Nimy, datant de 1851 \u00e0 1898 est la manufacture la plus probable pour ce sucrier.&hellip;&nbsp;<a href=\"https:\/\/legrenierdelatour.be\/brocante\/produit\/sucrier-en-faience-fine-scenes-religieuses-nimy-19e-siecle\/\" class=\"\" rel=\"bookmark\">Lire la suite &raquo;<span class=\"screen-reader-text\">Sucrier en fa\u00efence fine, Sc\u00e8nes religieuses, Nimy 19\u00e8 si\u00e8cle<\/span><\/a><\/p>\n","protected":false},"featured_media":11532,"comment_status":"open","ping_status":"closed","template":"","meta":{"neve_meta_sidebar":"","neve_meta_container":"","neve_meta_enable_content_width":"off","neve_meta_content_width":100,"neve_meta_title_alignment":"","neve_meta_author_avatar":"","neve_post_elements_order":"","neve_meta_disable_header":"","neve_meta_disable_footer":"","neve_meta_disable_title":""},"product_brand":[],"product_cat":[37,16,188,34],"product_tag":[],"class_list":{"0":"post-11538","1":"product","2":"type-product","3":"status-publish","4":"has-post-thumbnail","6":"product_cat-belgique","7":"product_cat-ceramique","8":"product_cat-nimy","9":"product_cat-religiosa","11":"first","12":"instock","13":"shipping-taxable","14":"purchasable","15":"product-type-simple"},"_links":{"self":[{"href":"https:\/\/legrenierdelatour.be\/brocante\/wp-json\/wp\/v2\/product\/11538","targetHints":{"allow":["GET"]}}],"collection":[{"href":"https:\/\/legrenierdelatour.be\/brocante\/wp-json\/wp\/v2\/product"}],"about":[{"href":"https:\/\/legrenierdelatour.be\/brocante\/wp-json\/wp\/v2\/types\/product"}],"replies":[{"embeddable":true,"href":"https:\/\/legrenierdelatour.be\/brocante\/wp-json\/wp\/v2\/comments?post=11538"}],"wp:featuredmedia":[{"embeddable":true,"href":"https:\/\/legrenierdelatour.be\/brocante\/wp-json\/wp\/v2\/media\/11532"}],"wp:attachment":[{"href":"https:\/\/legrenierdelatour.be\/brocante\/wp-json\/wp\/v2\/media?parent=11538"}],"wp:term":[{"taxonomy":"product_brand","embeddable":true,"href":"https:\/\/legrenierdelatour.be\/brocante\/wp-json\/wp\/v2\/product_brand?post=11538"},{"taxonomy":"product_cat","embeddable":true,"href":"https:\/\/legrenierdelatour.be\/brocante\/wp-json\/wp\/v2\/product_cat?post=11538"},{"taxonomy":"product_tag","embeddable":true,"href":"https:\/\/legrenierdelatour.be\/brocante\/wp-json\/wp\/v2\/product_tag?post=11538"}],"curies":[{"name":"wp","href":"https:\/\/api.w.org\/{rel}","templated":true}]}}