{"id":11536,"date":"2025-09-13T10:41:44","date_gmt":"2025-09-13T08:41:44","guid":{"rendered":"https:\/\/legrenierdelatour.be\/brocante\/?post_type=product&#038;p=11536"},"modified":"2025-09-13T10:41:45","modified_gmt":"2025-09-13T08:41:45","slug":"sucrier-en-faience-fine-glaneurs-boch-freres","status":"publish","type":"product","link":"https:\/\/legrenierdelatour.be\/brocante\/produit\/sucrier-en-faience-fine-glaneurs-boch-freres\/","title":{"rendered":"Sucrier en fa\u00efence fine \u00ab\u00a0Glaneurs\u00a0\u00bb, Boch Fr\u00e8res"},"content":{"rendered":"<div>Sucrier en fa\u00efence fine (14 cm de haut) , portant des repr\u00e9sentations de paysages bucoliques.\u00a0Il s\u2019agit du d\u00e9cor \u00ab Glaneurs\u00a0\u00bb\u00a0produit par Boch Fr\u00e8res dans la deuxi\u00e8me moiti\u00e9 du 19\u00e8 si\u00e8cle.\u00a0Il est n\u2019est pas marqu\u00e9 dessous. Les petites anses sont en forme de t\u00eates de lion. Le d\u00e9cor \u00ab\u00a0Glaneurs \u00bb est un d\u00e9cor de Henri Mouzin, vers 1860. Ce sucrier\u00a0est sans doute issu de la manufacture de Boch Fr\u00e8res K\u00e9ramis (1841-auj).<\/div>\n<div>R\u00e9f 46.18<\/div>\n","protected":false},"excerpt":{"rendered":"<p>Sucrier en fa\u00efence fine (14 cm de haut) , portant des repr\u00e9sentations de paysages bucoliques.\u00a0Il s\u2019agit du d\u00e9cor \u00ab Glaneurs\u00a0\u00bb\u00a0produit par Boch Fr\u00e8res dans la deuxi\u00e8me moiti\u00e9 du 19\u00e8 si\u00e8cle.\u00a0Il est n\u2019est pas marqu\u00e9 dessous. Les petites anses sont en forme de t\u00eates de lion. Le d\u00e9cor \u00ab\u00a0Glaneurs \u00bb est un d\u00e9cor de Henri Mouzin,&hellip;&nbsp;<a href=\"https:\/\/legrenierdelatour.be\/brocante\/produit\/sucrier-en-faience-fine-glaneurs-boch-freres\/\" class=\"\" rel=\"bookmark\">Lire la suite &raquo;<span class=\"screen-reader-text\">Sucrier en fa\u00efence fine \u00ab\u00a0Glaneurs\u00a0\u00bb, Boch Fr\u00e8res<\/span><\/a><\/p>\n","protected":false},"featured_media":11529,"comment_status":"open","ping_status":"closed","template":"","meta":{"neve_meta_sidebar":"","neve_meta_container":"","neve_meta_enable_content_width":"off","neve_meta_content_width":100,"neve_meta_title_alignment":"","neve_meta_author_avatar":"","neve_post_elements_order":"","neve_meta_disable_header":"","neve_meta_disable_footer":"","neve_meta_disable_title":""},"product_brand":[],"product_cat":[37,175,16],"product_tag":[],"class_list":{"0":"post-11536","1":"product","2":"type-product","3":"status-publish","4":"has-post-thumbnail","6":"product_cat-belgique","7":"product_cat-boch","8":"product_cat-ceramique","10":"first","11":"instock","12":"shipping-taxable","13":"purchasable","14":"product-type-simple"},"_links":{"self":[{"href":"https:\/\/legrenierdelatour.be\/brocante\/wp-json\/wp\/v2\/product\/11536","targetHints":{"allow":["GET"]}}],"collection":[{"href":"https:\/\/legrenierdelatour.be\/brocante\/wp-json\/wp\/v2\/product"}],"about":[{"href":"https:\/\/legrenierdelatour.be\/brocante\/wp-json\/wp\/v2\/types\/product"}],"replies":[{"embeddable":true,"href":"https:\/\/legrenierdelatour.be\/brocante\/wp-json\/wp\/v2\/comments?post=11536"}],"wp:featuredmedia":[{"embeddable":true,"href":"https:\/\/legrenierdelatour.be\/brocante\/wp-json\/wp\/v2\/media\/11529"}],"wp:attachment":[{"href":"https:\/\/legrenierdelatour.be\/brocante\/wp-json\/wp\/v2\/media?parent=11536"}],"wp:term":[{"taxonomy":"product_brand","embeddable":true,"href":"https:\/\/legrenierdelatour.be\/brocante\/wp-json\/wp\/v2\/product_brand?post=11536"},{"taxonomy":"product_cat","embeddable":true,"href":"https:\/\/legrenierdelatour.be\/brocante\/wp-json\/wp\/v2\/product_cat?post=11536"},{"taxonomy":"product_tag","embeddable":true,"href":"https:\/\/legrenierdelatour.be\/brocante\/wp-json\/wp\/v2\/product_tag?post=11536"}],"curies":[{"name":"wp","href":"https:\/\/api.w.org\/{rel}","templated":true}]}}