{"id":11492,"date":"2025-09-12T15:43:15","date_gmt":"2025-09-12T13:43:15","guid":{"rendered":"https:\/\/legrenierdelatour.be\/brocante\/?post_type=product&#038;p=11492"},"modified":"2025-09-12T15:43:15","modified_gmt":"2025-09-12T13:43:15","slug":"sucrier-en-faience-fine-saxe-mouzin-lecat-nimy-19e","status":"publish","type":"product","link":"https:\/\/legrenierdelatour.be\/brocante\/produit\/sucrier-en-faience-fine-saxe-mouzin-lecat-nimy-19e\/","title":{"rendered":"Sucrier en fa\u00efence fine \u00ab\u00a0Saxe\u00a0\u00bb, Mouzin-Lecat, Nimy 19\u00e8"},"content":{"rendered":"<p>Sucrier en fa\u00efence fine (16 cm de haut couvercle compris) portant le d\u00e9cor Saxe comme indiqu\u00e9 dans le cachet bleu dessous \u00ab\u00a0Saxe, Mouzin-Lecat, Nimy\u00a0\u00bb. Ce sucrier date de la deuxi\u00e8me moiti\u00e9 du 19\u00e8 si\u00e8cle. Ses eptites anses sont en forme de t\u00eates f\u00e9minines.<\/p>\n<div>R\u00e9f 46.14<\/div>\n","protected":false},"excerpt":{"rendered":"<p>Sucrier en fa\u00efence fine (16 cm de haut couvercle compris) portant le d\u00e9cor Saxe comme indiqu\u00e9 dans le cachet bleu dessous \u00ab\u00a0Saxe, Mouzin-Lecat, Nimy\u00a0\u00bb. Ce sucrier date de la deuxi\u00e8me moiti\u00e9 du 19\u00e8 si\u00e8cle. Ses eptites anses sont en forme de t\u00eates f\u00e9minines. R\u00e9f 46.14<\/p>\n","protected":false},"featured_media":11466,"comment_status":"open","ping_status":"closed","template":"","meta":{"neve_meta_sidebar":"","neve_meta_container":"","neve_meta_enable_content_width":"off","neve_meta_content_width":100,"neve_meta_title_alignment":"","neve_meta_author_avatar":"","neve_post_elements_order":"","neve_meta_disable_header":"","neve_meta_disable_footer":"","neve_meta_disable_title":""},"product_brand":[],"product_cat":[37,16,188],"product_tag":[],"class_list":{"0":"post-11492","1":"product","2":"type-product","3":"status-publish","4":"has-post-thumbnail","6":"product_cat-belgique","7":"product_cat-ceramique","8":"product_cat-nimy","10":"first","11":"instock","12":"shipping-taxable","13":"purchasable","14":"product-type-simple"},"_links":{"self":[{"href":"https:\/\/legrenierdelatour.be\/brocante\/wp-json\/wp\/v2\/product\/11492","targetHints":{"allow":["GET"]}}],"collection":[{"href":"https:\/\/legrenierdelatour.be\/brocante\/wp-json\/wp\/v2\/product"}],"about":[{"href":"https:\/\/legrenierdelatour.be\/brocante\/wp-json\/wp\/v2\/types\/product"}],"replies":[{"embeddable":true,"href":"https:\/\/legrenierdelatour.be\/brocante\/wp-json\/wp\/v2\/comments?post=11492"}],"wp:featuredmedia":[{"embeddable":true,"href":"https:\/\/legrenierdelatour.be\/brocante\/wp-json\/wp\/v2\/media\/11466"}],"wp:attachment":[{"href":"https:\/\/legrenierdelatour.be\/brocante\/wp-json\/wp\/v2\/media?parent=11492"}],"wp:term":[{"taxonomy":"product_brand","embeddable":true,"href":"https:\/\/legrenierdelatour.be\/brocante\/wp-json\/wp\/v2\/product_brand?post=11492"},{"taxonomy":"product_cat","embeddable":true,"href":"https:\/\/legrenierdelatour.be\/brocante\/wp-json\/wp\/v2\/product_cat?post=11492"},{"taxonomy":"product_tag","embeddable":true,"href":"https:\/\/legrenierdelatour.be\/brocante\/wp-json\/wp\/v2\/product_tag?post=11492"}],"curies":[{"name":"wp","href":"https:\/\/api.w.org\/{rel}","templated":true}]}}