{"id":11490,"date":"2025-09-12T15:15:59","date_gmt":"2025-09-12T13:15:59","guid":{"rendered":"https:\/\/legrenierdelatour.be\/brocante\/?post_type=product&#038;p=11490"},"modified":"2025-09-12T15:15:59","modified_gmt":"2025-09-12T13:15:59","slug":"sucrier-en-faience-fine-orphans-boch-freres-19e","status":"publish","type":"product","link":"https:\/\/legrenierdelatour.be\/brocante\/produit\/sucrier-en-faience-fine-orphans-boch-freres-19e\/","title":{"rendered":"Sucrier en fa\u00efence fine, Orphans, Boch Fr\u00e8res, 19\u00e8"},"content":{"rendered":"<div>Sucrier en fa\u00efence fine sans couvercle (8,5 cm de haut) , portant des repr\u00e9sentations d&rsquo;orphelins. Il est marqu\u00e9 dessous d\u2019un cachet bleu \u00ab\u00a0Orphans\/Boch Fr\u00e8res \u00bb. Les petites anses sont en forme de t\u00eates de lion. Le sucrier date sans doute de la deuxi\u00e8me moiti\u00e9 du 19\u00e8 si\u00e8cle et\u00a0est issu de la manufacture de Boch Fr\u00e8res K\u00e9ramis (1841-auj).<\/div>\n<div>\n<div>\n<div>R\u00e9f 46.12<\/div>\n<\/div>\n<\/div>\n","protected":false},"excerpt":{"rendered":"<p>Sucrier en fa\u00efence fine sans couvercle (8,5 cm de haut) , portant des repr\u00e9sentations d&rsquo;orphelins. Il est marqu\u00e9 dessous d\u2019un cachet bleu \u00ab\u00a0Orphans\/Boch Fr\u00e8res \u00bb. Les petites anses sont en forme de t\u00eates de lion. Le sucrier date sans doute de la deuxi\u00e8me moiti\u00e9 du 19\u00e8 si\u00e8cle et\u00a0est issu de la manufacture de Boch Fr\u00e8res&hellip;&nbsp;<a href=\"https:\/\/legrenierdelatour.be\/brocante\/produit\/sucrier-en-faience-fine-orphans-boch-freres-19e\/\" class=\"\" rel=\"bookmark\">Lire la suite &raquo;<span class=\"screen-reader-text\">Sucrier en fa\u00efence fine, Orphans, Boch Fr\u00e8res, 19\u00e8<\/span><\/a><\/p>\n","protected":false},"featured_media":11434,"comment_status":"open","ping_status":"closed","template":"","meta":{"neve_meta_sidebar":"","neve_meta_container":"","neve_meta_enable_content_width":"off","neve_meta_content_width":100,"neve_meta_title_alignment":"","neve_meta_author_avatar":"","neve_post_elements_order":"","neve_meta_disable_header":"","neve_meta_disable_footer":"","neve_meta_disable_title":""},"product_brand":[],"product_cat":[37,175,16],"product_tag":[],"class_list":{"0":"post-11490","1":"product","2":"type-product","3":"status-publish","4":"has-post-thumbnail","6":"product_cat-belgique","7":"product_cat-boch","8":"product_cat-ceramique","10":"first","11":"instock","12":"shipping-taxable","13":"purchasable","14":"product-type-simple"},"_links":{"self":[{"href":"https:\/\/legrenierdelatour.be\/brocante\/wp-json\/wp\/v2\/product\/11490","targetHints":{"allow":["GET"]}}],"collection":[{"href":"https:\/\/legrenierdelatour.be\/brocante\/wp-json\/wp\/v2\/product"}],"about":[{"href":"https:\/\/legrenierdelatour.be\/brocante\/wp-json\/wp\/v2\/types\/product"}],"replies":[{"embeddable":true,"href":"https:\/\/legrenierdelatour.be\/brocante\/wp-json\/wp\/v2\/comments?post=11490"}],"wp:featuredmedia":[{"embeddable":true,"href":"https:\/\/legrenierdelatour.be\/brocante\/wp-json\/wp\/v2\/media\/11434"}],"wp:attachment":[{"href":"https:\/\/legrenierdelatour.be\/brocante\/wp-json\/wp\/v2\/media?parent=11490"}],"wp:term":[{"taxonomy":"product_brand","embeddable":true,"href":"https:\/\/legrenierdelatour.be\/brocante\/wp-json\/wp\/v2\/product_brand?post=11490"},{"taxonomy":"product_cat","embeddable":true,"href":"https:\/\/legrenierdelatour.be\/brocante\/wp-json\/wp\/v2\/product_cat?post=11490"},{"taxonomy":"product_tag","embeddable":true,"href":"https:\/\/legrenierdelatour.be\/brocante\/wp-json\/wp\/v2\/product_tag?post=11490"}],"curies":[{"name":"wp","href":"https:\/\/api.w.org\/{rel}","templated":true}]}}