{"id":1139,"date":"2022-03-30T15:38:49","date_gmt":"2022-03-30T13:38:49","guid":{"rendered":"https:\/\/legrenierdelatour.be\/brocante\/?post_type=product&#038;p=1139"},"modified":"2022-09-05T10:20:43","modified_gmt":"2022-09-05T08:20:43","slug":"cadres-avec-broderies-de-fleurs","status":"publish","type":"product","link":"https:\/\/legrenierdelatour.be\/brocante\/produit\/cadres-avec-broderies-de-fleurs\/","title":{"rendered":"Cadres avec broderies de fleurs"},"content":{"rendered":"<p>Tr\u00e8s joli cadre avec broderies de fleurs : Bouquet printanier (41,5&#215;15,5 cm), en tr\u00e8s bon \u00e9tat. Il s\u2019agit d\u2019un tr\u00e8s fin travail de broderie des ann\u00e9es 1950-60 sans doute.<\/p>\n<p>Le cadre avec les roses n&rsquo;est plus disponible.<\/p>\n<div>R\u00e9f 10.57<\/div>\n","protected":false},"excerpt":{"rendered":"<p>Tr\u00e8s joli cadre avec broderies de fleurs : Bouquet printanier (41,5&#215;15,5 cm), en tr\u00e8s bon \u00e9tat. Il s\u2019agit d\u2019un tr\u00e8s fin travail de broderie des ann\u00e9es 1950-60 sans doute. Le cadre avec les roses n&rsquo;est plus disponible. R\u00e9f 10.57<\/p>\n","protected":false},"featured_media":1127,"comment_status":"open","ping_status":"closed","template":"","meta":{"neve_meta_sidebar":"","neve_meta_container":"","neve_meta_enable_content_width":"off","neve_meta_content_width":100,"neve_meta_title_alignment":"","neve_meta_author_avatar":"","neve_post_elements_order":"","neve_meta_disable_header":"","neve_meta_disable_footer":"","neve_meta_disable_title":""},"product_brand":[],"product_cat":[15,167],"product_tag":[79,28],"class_list":{"0":"post-1139","1":"product","2":"type-product","3":"status-publish","4":"has-post-thumbnail","6":"product_cat-non-classe","7":"product_cat-peintures-et-sculptures","8":"product_tag-art","9":"product_tag-vintage","11":"first","12":"instock","13":"shipping-taxable","14":"purchasable","15":"product-type-simple"},"_links":{"self":[{"href":"https:\/\/legrenierdelatour.be\/brocante\/wp-json\/wp\/v2\/product\/1139","targetHints":{"allow":["GET"]}}],"collection":[{"href":"https:\/\/legrenierdelatour.be\/brocante\/wp-json\/wp\/v2\/product"}],"about":[{"href":"https:\/\/legrenierdelatour.be\/brocante\/wp-json\/wp\/v2\/types\/product"}],"replies":[{"embeddable":true,"href":"https:\/\/legrenierdelatour.be\/brocante\/wp-json\/wp\/v2\/comments?post=1139"}],"wp:featuredmedia":[{"embeddable":true,"href":"https:\/\/legrenierdelatour.be\/brocante\/wp-json\/wp\/v2\/media\/1127"}],"wp:attachment":[{"href":"https:\/\/legrenierdelatour.be\/brocante\/wp-json\/wp\/v2\/media?parent=1139"}],"wp:term":[{"taxonomy":"product_brand","embeddable":true,"href":"https:\/\/legrenierdelatour.be\/brocante\/wp-json\/wp\/v2\/product_brand?post=1139"},{"taxonomy":"product_cat","embeddable":true,"href":"https:\/\/legrenierdelatour.be\/brocante\/wp-json\/wp\/v2\/product_cat?post=1139"},{"taxonomy":"product_tag","embeddable":true,"href":"https:\/\/legrenierdelatour.be\/brocante\/wp-json\/wp\/v2\/product_tag?post=1139"}],"curies":[{"name":"wp","href":"https:\/\/api.w.org\/{rel}","templated":true}]}}