{"id":11364,"date":"2025-09-01T17:40:17","date_gmt":"2025-09-01T15:40:17","guid":{"rendered":"https:\/\/legrenierdelatour.be\/brocante\/?post_type=product&#038;p=11364"},"modified":"2025-09-01T17:40:17","modified_gmt":"2025-09-01T15:40:17","slug":"grande-boite-metallique-gd-charlotte-de-luxembourg-expo-universelle","status":"publish","type":"product","link":"https:\/\/legrenierdelatour.be\/brocante\/produit\/grande-boite-metallique-gd-charlotte-de-luxembourg-expo-universelle\/","title":{"rendered":"Grande bo\u00eete m\u00e9tallique GD Charlotte de Luxembourg, Expo Universelle"},"content":{"rendered":"<p>Grande bo\u00eete m\u00e9tallique (30x20x14 cm de haut) portant les repr\u00e9sentation de la Grand-Duchesse Charlotte et de repr\u00e9sentations de diff\u00e9rentes Expositions Universelles.<\/p>\n<div>R\u00e9f 45.81<\/div>\n","protected":false},"excerpt":{"rendered":"<p>Grande bo\u00eete m\u00e9tallique (30x20x14 cm de haut) portant les repr\u00e9sentation de la Grand-Duchesse Charlotte et de repr\u00e9sentations de diff\u00e9rentes Expositions Universelles. R\u00e9f 45.81<\/p>\n","protected":false},"featured_media":11365,"comment_status":"open","ping_status":"closed","template":"","meta":{"neve_meta_sidebar":"","neve_meta_container":"","neve_meta_enable_content_width":"off","neve_meta_content_width":100,"neve_meta_title_alignment":"","neve_meta_author_avatar":"","neve_post_elements_order":"","neve_meta_disable_header":"","neve_meta_disable_footer":"","neve_meta_disable_title":""},"product_brand":[],"product_cat":[166,173],"product_tag":[],"class_list":{"0":"post-11364","1":"product","2":"type-product","3":"status-publish","4":"has-post-thumbnail","6":"product_cat-luxemburgensia-luxemburgensia","7":"product_cat-objets-de-publicite","9":"first","10":"instock","11":"shipping-taxable","12":"purchasable","13":"product-type-simple"},"_links":{"self":[{"href":"https:\/\/legrenierdelatour.be\/brocante\/wp-json\/wp\/v2\/product\/11364","targetHints":{"allow":["GET"]}}],"collection":[{"href":"https:\/\/legrenierdelatour.be\/brocante\/wp-json\/wp\/v2\/product"}],"about":[{"href":"https:\/\/legrenierdelatour.be\/brocante\/wp-json\/wp\/v2\/types\/product"}],"replies":[{"embeddable":true,"href":"https:\/\/legrenierdelatour.be\/brocante\/wp-json\/wp\/v2\/comments?post=11364"}],"wp:featuredmedia":[{"embeddable":true,"href":"https:\/\/legrenierdelatour.be\/brocante\/wp-json\/wp\/v2\/media\/11365"}],"wp:attachment":[{"href":"https:\/\/legrenierdelatour.be\/brocante\/wp-json\/wp\/v2\/media?parent=11364"}],"wp:term":[{"taxonomy":"product_brand","embeddable":true,"href":"https:\/\/legrenierdelatour.be\/brocante\/wp-json\/wp\/v2\/product_brand?post=11364"},{"taxonomy":"product_cat","embeddable":true,"href":"https:\/\/legrenierdelatour.be\/brocante\/wp-json\/wp\/v2\/product_cat?post=11364"},{"taxonomy":"product_tag","embeddable":true,"href":"https:\/\/legrenierdelatour.be\/brocante\/wp-json\/wp\/v2\/product_tag?post=11364"}],"curies":[{"name":"wp","href":"https:\/\/api.w.org\/{rel}","templated":true}]}}