{"id":11360,"date":"2025-09-01T17:34:15","date_gmt":"2025-09-01T15:34:15","guid":{"rendered":"https:\/\/legrenierdelatour.be\/brocante\/?post_type=product&#038;p=11360"},"modified":"2025-09-01T17:34:15","modified_gmt":"2025-09-01T15:34:15","slug":"plaque-en-ceramique-clervaux-leon-nosbusch","status":"publish","type":"product","link":"https:\/\/legrenierdelatour.be\/brocante\/produit\/plaque-en-ceramique-clervaux-leon-nosbusch\/","title":{"rendered":"Plaque en c\u00e9ramique Clervaux, L\u00e9on Nosbusch"},"content":{"rendered":"<p>Plaque d\u00e9corative en c\u00e9ramique (25 cm de long) montrant une vue des monuments de Clervaux, avec les \u00e9cussons de la ville. Elle est frapp\u00e9e \u00e0 l\u2019arri\u00e8re du cachet en creux \u00ab\u00a0Le C\u00e9ramiste L\u00e9on Nosbusch\u00a0\u00bb. L\u00e9on Nosbusch (1897-1979) un sculpteur et peintre luxembourgeois, entre autres directeur d\u2019une fabrique de porcelaine \u00e0 Bruxelles. Il a obtenu le Prix Grand-Duc adolphe en 1929. Elle a un coup sur le bord inf\u00e9rieur.<\/p>\n<div>R\u00e9f 45.80<\/div>\n","protected":false},"excerpt":{"rendered":"<p>Plaque d\u00e9corative en c\u00e9ramique (25 cm de long) montrant une vue des monuments de Clervaux, avec les \u00e9cussons de la ville. Elle est frapp\u00e9e \u00e0 l\u2019arri\u00e8re du cachet en creux \u00ab\u00a0Le C\u00e9ramiste L\u00e9on Nosbusch\u00a0\u00bb. L\u00e9on Nosbusch (1897-1979) un sculpteur et peintre luxembourgeois, entre autres directeur d\u2019une fabrique de porcelaine \u00e0 Bruxelles. Il a obtenu le&hellip;&nbsp;<a href=\"https:\/\/legrenierdelatour.be\/brocante\/produit\/plaque-en-ceramique-clervaux-leon-nosbusch\/\" class=\"\" rel=\"bookmark\">Lire la suite &raquo;<span class=\"screen-reader-text\">Plaque en c\u00e9ramique Clervaux, L\u00e9on Nosbusch<\/span><\/a><\/p>\n","protected":false},"featured_media":11361,"comment_status":"open","ping_status":"closed","template":"","meta":{"neve_meta_sidebar":"","neve_meta_container":"","neve_meta_enable_content_width":"off","neve_meta_content_width":100,"neve_meta_title_alignment":"","neve_meta_author_avatar":"","neve_post_elements_order":"","neve_meta_disable_header":"","neve_meta_disable_footer":"","neve_meta_disable_title":""},"product_brand":[],"product_cat":[16,165,166,167],"product_tag":[],"class_list":{"0":"post-11360","1":"product","2":"type-product","3":"status-publish","4":"has-post-thumbnail","6":"product_cat-ceramique","7":"product_cat-luxembourg","8":"product_cat-luxemburgensia-luxemburgensia","9":"product_cat-peintures-et-sculptures","11":"first","12":"instock","13":"shipping-taxable","14":"purchasable","15":"product-type-simple"},"_links":{"self":[{"href":"https:\/\/legrenierdelatour.be\/brocante\/wp-json\/wp\/v2\/product\/11360","targetHints":{"allow":["GET"]}}],"collection":[{"href":"https:\/\/legrenierdelatour.be\/brocante\/wp-json\/wp\/v2\/product"}],"about":[{"href":"https:\/\/legrenierdelatour.be\/brocante\/wp-json\/wp\/v2\/types\/product"}],"replies":[{"embeddable":true,"href":"https:\/\/legrenierdelatour.be\/brocante\/wp-json\/wp\/v2\/comments?post=11360"}],"wp:featuredmedia":[{"embeddable":true,"href":"https:\/\/legrenierdelatour.be\/brocante\/wp-json\/wp\/v2\/media\/11361"}],"wp:attachment":[{"href":"https:\/\/legrenierdelatour.be\/brocante\/wp-json\/wp\/v2\/media?parent=11360"}],"wp:term":[{"taxonomy":"product_brand","embeddable":true,"href":"https:\/\/legrenierdelatour.be\/brocante\/wp-json\/wp\/v2\/product_brand?post=11360"},{"taxonomy":"product_cat","embeddable":true,"href":"https:\/\/legrenierdelatour.be\/brocante\/wp-json\/wp\/v2\/product_cat?post=11360"},{"taxonomy":"product_tag","embeddable":true,"href":"https:\/\/legrenierdelatour.be\/brocante\/wp-json\/wp\/v2\/product_tag?post=11360"}],"curies":[{"name":"wp","href":"https:\/\/api.w.org\/{rel}","templated":true}]}}