{"id":11166,"date":"2025-08-09T08:47:38","date_gmt":"2025-08-09T06:47:38","guid":{"rendered":"https:\/\/legrenierdelatour.be\/brocante\/?post_type=product&#038;p=11166"},"modified":"2025-08-09T08:47:38","modified_gmt":"2025-08-09T06:47:38","slug":"vase-boulle-taille-cristal-de-boheme","status":"publish","type":"product","link":"https:\/\/legrenierdelatour.be\/brocante\/produit\/vase-boulle-taille-cristal-de-boheme\/","title":{"rendered":"Vase Boull\u00e9 taill\u00e9, cristal de Boh\u00eame"},"content":{"rendered":"<p>Tr\u00e8s beau vase boule \u00a0(13 cm de haut) en cristal de Boh\u00eame taill\u00e9. Elle est \u00e0 l\u2019\u00e9tat neuf, dans sa b\u00eete d\u2019origine.<\/p>\n<div>R\u00e9f 44.97<\/div>\n","protected":false},"excerpt":{"rendered":"<p>Tr\u00e8s beau vase boule \u00a0(13 cm de haut) en cristal de Boh\u00eame taill\u00e9. Elle est \u00e0 l\u2019\u00e9tat neuf, dans sa b\u00eete d\u2019origine. R\u00e9f 44.97<\/p>\n","protected":false},"featured_media":11165,"comment_status":"open","ping_status":"closed","template":"","meta":{"neve_meta_sidebar":"","neve_meta_container":"","neve_meta_enable_content_width":"off","neve_meta_content_width":100,"neve_meta_title_alignment":"","neve_meta_author_avatar":"","neve_post_elements_order":"","neve_meta_disable_header":"","neve_meta_disable_footer":"","neve_meta_disable_title":""},"product_brand":[],"product_cat":[22],"product_tag":[],"class_list":{"0":"post-11166","1":"product","2":"type-product","3":"status-publish","4":"has-post-thumbnail","6":"product_cat-verrerie","8":"first","9":"instock","10":"shipping-taxable","11":"purchasable","12":"product-type-simple"},"_links":{"self":[{"href":"https:\/\/legrenierdelatour.be\/brocante\/wp-json\/wp\/v2\/product\/11166","targetHints":{"allow":["GET"]}}],"collection":[{"href":"https:\/\/legrenierdelatour.be\/brocante\/wp-json\/wp\/v2\/product"}],"about":[{"href":"https:\/\/legrenierdelatour.be\/brocante\/wp-json\/wp\/v2\/types\/product"}],"replies":[{"embeddable":true,"href":"https:\/\/legrenierdelatour.be\/brocante\/wp-json\/wp\/v2\/comments?post=11166"}],"wp:featuredmedia":[{"embeddable":true,"href":"https:\/\/legrenierdelatour.be\/brocante\/wp-json\/wp\/v2\/media\/11165"}],"wp:attachment":[{"href":"https:\/\/legrenierdelatour.be\/brocante\/wp-json\/wp\/v2\/media?parent=11166"}],"wp:term":[{"taxonomy":"product_brand","embeddable":true,"href":"https:\/\/legrenierdelatour.be\/brocante\/wp-json\/wp\/v2\/product_brand?post=11166"},{"taxonomy":"product_cat","embeddable":true,"href":"https:\/\/legrenierdelatour.be\/brocante\/wp-json\/wp\/v2\/product_cat?post=11166"},{"taxonomy":"product_tag","embeddable":true,"href":"https:\/\/legrenierdelatour.be\/brocante\/wp-json\/wp\/v2\/product_tag?post=11166"}],"curies":[{"name":"wp","href":"https:\/\/api.w.org\/{rel}","templated":true}]}}