{"id":11047,"date":"2025-07-27T14:43:19","date_gmt":"2025-07-27T12:43:19","guid":{"rendered":"https:\/\/legrenierdelatour.be\/brocante\/?post_type=product&#038;p=11047"},"modified":"2025-07-27T14:43:19","modified_gmt":"2025-07-27T12:43:19","slug":"plat-en-faience-fine-boch-luxembourg-19e-siecle","status":"publish","type":"product","link":"https:\/\/legrenierdelatour.be\/brocante\/produit\/plat-en-faience-fine-boch-luxembourg-19e-siecle\/","title":{"rendered":"Plat en fa\u00efence fine, Boch Luxembourg, 19\u00e8 si\u00e8cle"},"content":{"rendered":"<p>Plat en fa\u00efence fine (39&#215;29 cm) portant le d\u00e9cor \u00ab Brindille\u00a0\u00bb et produit par Boch Luxembourg. Il porte la marque ronde en creux \u00ab\u00a0Boch Luxembourg 6\u00a0\u00bb (marque utilis\u00e9e de 1813 \u00e0 1825), le chiffre \u00e9tant le chiffre-contr\u00f4le de l\u2019ouvrier mouleur. Il date donc du d\u00e9but du 19\u00e8 si\u00e8cle. Ce plat porte de nombreuses griffures signe d\u2019une utilisation intense.<\/p>\n<div>R\u00e9f 44.55<\/div>\n","protected":false},"excerpt":{"rendered":"<p>Plat en fa\u00efence fine (39&#215;29 cm) portant le d\u00e9cor \u00ab Brindille\u00a0\u00bb et produit par Boch Luxembourg. Il porte la marque ronde en creux \u00ab\u00a0Boch Luxembourg 6\u00a0\u00bb (marque utilis\u00e9e de 1813 \u00e0 1825), le chiffre \u00e9tant le chiffre-contr\u00f4le de l\u2019ouvrier mouleur. Il date donc du d\u00e9but du 19\u00e8 si\u00e8cle. Ce plat porte de nombreuses griffures signe&hellip;&nbsp;<a href=\"https:\/\/legrenierdelatour.be\/brocante\/produit\/plat-en-faience-fine-boch-luxembourg-19e-siecle\/\" class=\"\" rel=\"bookmark\">Lire la suite &raquo;<span class=\"screen-reader-text\">Plat en fa\u00efence fine, Boch Luxembourg, 19\u00e8 si\u00e8cle<\/span><\/a><\/p>\n","protected":false},"featured_media":11048,"comment_status":"open","ping_status":"closed","template":"","meta":{"neve_meta_sidebar":"","neve_meta_container":"","neve_meta_enable_content_width":"off","neve_meta_content_width":100,"neve_meta_title_alignment":"","neve_meta_author_avatar":"","neve_post_elements_order":"","neve_meta_disable_header":"","neve_meta_disable_footer":"","neve_meta_disable_title":""},"product_brand":[],"product_cat":[16,165,29],"product_tag":[],"class_list":{"0":"post-11047","1":"product","2":"type-product","3":"status-publish","4":"has-post-thumbnail","6":"product_cat-ceramique","7":"product_cat-luxembourg","8":"product_cat-villeroy-boch","10":"first","11":"instock","12":"shipping-taxable","13":"purchasable","14":"product-type-simple"},"_links":{"self":[{"href":"https:\/\/legrenierdelatour.be\/brocante\/wp-json\/wp\/v2\/product\/11047","targetHints":{"allow":["GET"]}}],"collection":[{"href":"https:\/\/legrenierdelatour.be\/brocante\/wp-json\/wp\/v2\/product"}],"about":[{"href":"https:\/\/legrenierdelatour.be\/brocante\/wp-json\/wp\/v2\/types\/product"}],"replies":[{"embeddable":true,"href":"https:\/\/legrenierdelatour.be\/brocante\/wp-json\/wp\/v2\/comments?post=11047"}],"wp:featuredmedia":[{"embeddable":true,"href":"https:\/\/legrenierdelatour.be\/brocante\/wp-json\/wp\/v2\/media\/11048"}],"wp:attachment":[{"href":"https:\/\/legrenierdelatour.be\/brocante\/wp-json\/wp\/v2\/media?parent=11047"}],"wp:term":[{"taxonomy":"product_brand","embeddable":true,"href":"https:\/\/legrenierdelatour.be\/brocante\/wp-json\/wp\/v2\/product_brand?post=11047"},{"taxonomy":"product_cat","embeddable":true,"href":"https:\/\/legrenierdelatour.be\/brocante\/wp-json\/wp\/v2\/product_cat?post=11047"},{"taxonomy":"product_tag","embeddable":true,"href":"https:\/\/legrenierdelatour.be\/brocante\/wp-json\/wp\/v2\/product_tag?post=11047"}],"curies":[{"name":"wp","href":"https:\/\/api.w.org\/{rel}","templated":true}]}}