{"id":1104,"date":"2022-03-28T18:46:54","date_gmt":"2022-03-28T16:46:54","guid":{"rendered":"https:\/\/legrenierdelatour.be\/brocante\/?post_type=product&#038;p=1104"},"modified":"2022-05-19T15:55:32","modified_gmt":"2022-05-19T13:55:32","slug":"carafe-et-6-verres-a-liqueur-vintage-arcopal","status":"publish","type":"product","link":"https:\/\/legrenierdelatour.be\/brocante\/produit\/carafe-et-6-verres-a-liqueur-vintage-arcopal\/","title":{"rendered":"Carafe et 6 verres \u00e0 liqueur\u00a0, Vintage Arcopal"},"content":{"rendered":"<p>Carafe (16 cm haut, il manque le bouchon)) et 6 petits verres \u00e0 liqueur (5 cm haut), de couleurs diff\u00e9rentes, produit par Verrerie d\u2019Arques, Arcopal, dans les ann\u00e9es 1960-70. Tr\u00e8s bon \u00e9tat.<\/p>\n<div>R\u00e9f 10.40<\/div>\n","protected":false},"excerpt":{"rendered":"<p>Carafe (16 cm haut, il manque le bouchon)) et 6 petits verres \u00e0 liqueur (5 cm haut), de couleurs diff\u00e9rentes, produit par Verrerie d\u2019Arques, Arcopal, dans les ann\u00e9es 1960-70. Tr\u00e8s bon \u00e9tat. R\u00e9f 10.40<\/p>\n","protected":false},"featured_media":1075,"comment_status":"open","ping_status":"closed","template":"","meta":{"neve_meta_sidebar":"","neve_meta_container":"","neve_meta_enable_content_width":"off","neve_meta_content_width":100,"neve_meta_title_alignment":"","neve_meta_author_avatar":"","neve_post_elements_order":"","neve_meta_disable_header":"","neve_meta_disable_footer":"","neve_meta_disable_title":""},"product_brand":[],"product_cat":[115,116,172,163,22],"product_tag":[88,28],"class_list":{"0":"post-1104","1":"product","2":"type-product","3":"status-publish","4":"has-post-thumbnail","6":"product_cat-arcopal","7":"product_cat-cristal-darques","8":"product_cat-en-cuisine","9":"product_cat-productions-francaises","10":"product_cat-verrerie","11":"product_tag-arcopal","12":"product_tag-vintage","14":"first","15":"instock","16":"shipping-taxable","17":"purchasable","18":"product-type-simple"},"_links":{"self":[{"href":"https:\/\/legrenierdelatour.be\/brocante\/wp-json\/wp\/v2\/product\/1104","targetHints":{"allow":["GET"]}}],"collection":[{"href":"https:\/\/legrenierdelatour.be\/brocante\/wp-json\/wp\/v2\/product"}],"about":[{"href":"https:\/\/legrenierdelatour.be\/brocante\/wp-json\/wp\/v2\/types\/product"}],"replies":[{"embeddable":true,"href":"https:\/\/legrenierdelatour.be\/brocante\/wp-json\/wp\/v2\/comments?post=1104"}],"wp:featuredmedia":[{"embeddable":true,"href":"https:\/\/legrenierdelatour.be\/brocante\/wp-json\/wp\/v2\/media\/1075"}],"wp:attachment":[{"href":"https:\/\/legrenierdelatour.be\/brocante\/wp-json\/wp\/v2\/media?parent=1104"}],"wp:term":[{"taxonomy":"product_brand","embeddable":true,"href":"https:\/\/legrenierdelatour.be\/brocante\/wp-json\/wp\/v2\/product_brand?post=1104"},{"taxonomy":"product_cat","embeddable":true,"href":"https:\/\/legrenierdelatour.be\/brocante\/wp-json\/wp\/v2\/product_cat?post=1104"},{"taxonomy":"product_tag","embeddable":true,"href":"https:\/\/legrenierdelatour.be\/brocante\/wp-json\/wp\/v2\/product_tag?post=1104"}],"curies":[{"name":"wp","href":"https:\/\/api.w.org\/{rel}","templated":true}]}}