{"id":11007,"date":"2025-07-19T14:21:46","date_gmt":"2025-07-19T12:21:46","guid":{"rendered":"https:\/\/legrenierdelatour.be\/brocante\/?post_type=product&#038;p=11007"},"modified":"2025-07-19T14:21:46","modified_gmt":"2025-07-19T12:21:46","slug":"feves-de-commemoration-1914-18-longwy","status":"publish","type":"product","link":"https:\/\/legrenierdelatour.be\/brocante\/produit\/feves-de-commemoration-1914-18-longwy\/","title":{"rendered":"F\u00e8ves de comm\u00e9moration 1914-18, Longwy"},"content":{"rendered":"<div>Ensemble complet de 25 f\u00e8ves (2,5&#215;2 cm) en \u00e9maux de Longwy, \u00e9dit\u00e9e pour le centenaire de la guerre 14-18. Produites par la Manufacture saint Jean d\u2019Aigle, elles sont toutes fabriqu\u00e9es \u00e0 la main.<\/div>\n<div>R\u00e9f 44.39<\/div>\n","protected":false},"excerpt":{"rendered":"<p>Ensemble complet de 25 f\u00e8ves (2,5&#215;2 cm) en \u00e9maux de Longwy, \u00e9dit\u00e9e pour le centenaire de la guerre 14-18. Produites par la Manufacture saint Jean d\u2019Aigle, elles sont toutes fabriqu\u00e9es \u00e0 la main. R\u00e9f 44.39<\/p>\n","protected":false},"featured_media":11008,"comment_status":"open","ping_status":"closed","template":"","meta":{"neve_meta_sidebar":"","neve_meta_container":"","neve_meta_enable_content_width":"off","neve_meta_content_width":100,"neve_meta_title_alignment":"","neve_meta_author_avatar":"","neve_post_elements_order":"","neve_meta_disable_header":"","neve_meta_disable_footer":"","neve_meta_disable_title":""},"product_brand":[],"product_cat":[16,59,66,34],"product_tag":[],"class_list":{"0":"post-11007","1":"product","2":"type-product","3":"status-publish","4":"has-post-thumbnail","6":"product_cat-ceramique","7":"product_cat-france","8":"product_cat-longwy","9":"product_cat-religiosa","11":"first","12":"instock","13":"shipping-taxable","14":"purchasable","15":"product-type-simple"},"_links":{"self":[{"href":"https:\/\/legrenierdelatour.be\/brocante\/wp-json\/wp\/v2\/product\/11007","targetHints":{"allow":["GET"]}}],"collection":[{"href":"https:\/\/legrenierdelatour.be\/brocante\/wp-json\/wp\/v2\/product"}],"about":[{"href":"https:\/\/legrenierdelatour.be\/brocante\/wp-json\/wp\/v2\/types\/product"}],"replies":[{"embeddable":true,"href":"https:\/\/legrenierdelatour.be\/brocante\/wp-json\/wp\/v2\/comments?post=11007"}],"wp:featuredmedia":[{"embeddable":true,"href":"https:\/\/legrenierdelatour.be\/brocante\/wp-json\/wp\/v2\/media\/11008"}],"wp:attachment":[{"href":"https:\/\/legrenierdelatour.be\/brocante\/wp-json\/wp\/v2\/media?parent=11007"}],"wp:term":[{"taxonomy":"product_brand","embeddable":true,"href":"https:\/\/legrenierdelatour.be\/brocante\/wp-json\/wp\/v2\/product_brand?post=11007"},{"taxonomy":"product_cat","embeddable":true,"href":"https:\/\/legrenierdelatour.be\/brocante\/wp-json\/wp\/v2\/product_cat?post=11007"},{"taxonomy":"product_tag","embeddable":true,"href":"https:\/\/legrenierdelatour.be\/brocante\/wp-json\/wp\/v2\/product_tag?post=11007"}],"curies":[{"name":"wp","href":"https:\/\/api.w.org\/{rel}","templated":true}]}}