{"id":10982,"date":"2025-07-19T11:51:59","date_gmt":"2025-07-19T09:51:59","guid":{"rendered":"https:\/\/legrenierdelatour.be\/brocante\/?post_type=product&#038;p=10982"},"modified":"2025-07-19T11:51:59","modified_gmt":"2025-07-19T09:51:59","slug":"peckvillerchen-50-ans-hmc-serie-or","status":"publish","type":"product","link":"https:\/\/legrenierdelatour.be\/brocante\/produit\/peckvillerchen-50-ans-hmc-serie-or\/","title":{"rendered":"Peckvillerchen, 50 ans HMC, s\u00e9rie \u00ab\u00a0Or\u00a0\u00bb"},"content":{"rendered":"<p>Peckvillerchen \u00e9dit\u00e9 \u00e0 l\u2019occasion des 50 ans de la ligue HMC de Luxembourg. Il fait partie d\u2019une \u00e9dition limit\u00e9e \u00ab\u00a0Or\u00a0\u00bb et porte le num\u00e9ro 132. Le bec et le socle sont dor\u00e9 \u00e0 l\u2019or fin. Il est neuf dans son emballage d\u2019origine. Peckvillerscher, petit oiseau siffleur en c\u00e9ramique, tradition luxembourgeoise du Lundi de P\u00e2ques, tradition de potiers qui remonte \u00e0 1827 (oiseaux r\u00e9alis\u00e9s initialement avec les restes de terre). LE village de potiers luxembourgeois par excellence est Nospelt. Un march\u00e9 d\u2019oiseaux siffleurs est organis\u00e9 tous les lundis de P\u00e2ques \u00e0 Nospelt (depuis 1957) et \u00e0 Luxembourg-ville (depuis 1937). C\u2019est la f\u00eate de l\u2019Emaischen. Le Peckvillerschen est un sifflet en forme d\u2019oiseau avec trois trous permettant de produire le son du coucou.<\/p>\n<div>\n<div>R\u00e9f 44.29<\/div>\n<\/div>\n","protected":false},"excerpt":{"rendered":"<p>Peckvillerchen \u00e9dit\u00e9 \u00e0 l\u2019occasion des 50 ans de la ligue HMC de Luxembourg. Il fait partie d\u2019une \u00e9dition limit\u00e9e \u00ab\u00a0Or\u00a0\u00bb et porte le num\u00e9ro 132. Le bec et le socle sont dor\u00e9 \u00e0 l\u2019or fin. Il est neuf dans son emballage d\u2019origine. Peckvillerscher, petit oiseau siffleur en c\u00e9ramique, tradition luxembourgeoise du Lundi de P\u00e2ques, tradition&hellip;&nbsp;<a href=\"https:\/\/legrenierdelatour.be\/brocante\/produit\/peckvillerchen-50-ans-hmc-serie-or\/\" class=\"\" rel=\"bookmark\">Lire la suite &raquo;<span class=\"screen-reader-text\">Peckvillerchen, 50 ans HMC, s\u00e9rie \u00ab\u00a0Or\u00a0\u00bb<\/span><\/a><\/p>\n","protected":false},"featured_media":10980,"comment_status":"open","ping_status":"closed","template":"","meta":{"neve_meta_sidebar":"","neve_meta_container":"","neve_meta_enable_content_width":"off","neve_meta_content_width":100,"neve_meta_title_alignment":"","neve_meta_author_avatar":"","neve_post_elements_order":"","neve_meta_disable_header":"","neve_meta_disable_footer":"","neve_meta_disable_title":""},"product_brand":[],"product_cat":[16,165,166,34],"product_tag":[],"class_list":{"0":"post-10982","1":"product","2":"type-product","3":"status-publish","4":"has-post-thumbnail","6":"product_cat-ceramique","7":"product_cat-luxembourg","8":"product_cat-luxemburgensia-luxemburgensia","9":"product_cat-religiosa","11":"first","12":"instock","13":"shipping-taxable","14":"purchasable","15":"product-type-simple"},"_links":{"self":[{"href":"https:\/\/legrenierdelatour.be\/brocante\/wp-json\/wp\/v2\/product\/10982","targetHints":{"allow":["GET"]}}],"collection":[{"href":"https:\/\/legrenierdelatour.be\/brocante\/wp-json\/wp\/v2\/product"}],"about":[{"href":"https:\/\/legrenierdelatour.be\/brocante\/wp-json\/wp\/v2\/types\/product"}],"replies":[{"embeddable":true,"href":"https:\/\/legrenierdelatour.be\/brocante\/wp-json\/wp\/v2\/comments?post=10982"}],"wp:featuredmedia":[{"embeddable":true,"href":"https:\/\/legrenierdelatour.be\/brocante\/wp-json\/wp\/v2\/media\/10980"}],"wp:attachment":[{"href":"https:\/\/legrenierdelatour.be\/brocante\/wp-json\/wp\/v2\/media?parent=10982"}],"wp:term":[{"taxonomy":"product_brand","embeddable":true,"href":"https:\/\/legrenierdelatour.be\/brocante\/wp-json\/wp\/v2\/product_brand?post=10982"},{"taxonomy":"product_cat","embeddable":true,"href":"https:\/\/legrenierdelatour.be\/brocante\/wp-json\/wp\/v2\/product_cat?post=10982"},{"taxonomy":"product_tag","embeddable":true,"href":"https:\/\/legrenierdelatour.be\/brocante\/wp-json\/wp\/v2\/product_tag?post=10982"}],"curies":[{"name":"wp","href":"https:\/\/api.w.org\/{rel}","templated":true}]}}