{"id":1096,"date":"2022-03-28T12:48:38","date_gmt":"2022-03-28T10:48:38","guid":{"rendered":"https:\/\/legrenierdelatour.be\/brocante\/?post_type=product&#038;p=1096"},"modified":"2022-05-19T15:58:12","modified_gmt":"2022-05-19T13:58:12","slug":"vase-west-germany-332-26-dumler-breiden","status":"publish","type":"product","link":"https:\/\/legrenierdelatour.be\/brocante\/produit\/vase-west-germany-332-26-dumler-breiden\/","title":{"rendered":"Vase West Germany 332 26 D\u00fcmler &#038; Breiden"},"content":{"rendered":"<p>Beau vase (26 cm haut) avec un d\u00e9cor sp\u00e9cial de Fat Lava, produit par D\u00fcmler &amp; Breiden \u00e0 H\u00f6hr Grenzhausen (1883 cr\u00e9\u00e9 par Peter D\u00fcmleret Albert Breiden &#8211; pr\u00e9sent).<\/p>\n<div>En tr\u00e8s bon \u00e9tat, ce rare vase date sans doute des ann\u00e9es 1950-60.<\/div>\n<div>R\u00e9f 10.45<\/div>\n","protected":false},"excerpt":{"rendered":"<p>Beau vase (26 cm haut) avec un d\u00e9cor sp\u00e9cial de Fat Lava, produit par D\u00fcmler &amp; Breiden \u00e0 H\u00f6hr Grenzhausen (1883 cr\u00e9\u00e9 par Peter D\u00fcmleret Albert Breiden &#8211; pr\u00e9sent). En tr\u00e8s bon \u00e9tat, ce rare vase date sans doute des ann\u00e9es 1950-60. R\u00e9f 10.45<\/p>\n","protected":false},"featured_media":1087,"comment_status":"open","ping_status":"closed","template":"","meta":{"neve_meta_sidebar":"","neve_meta_container":"","neve_meta_enable_content_width":"off","neve_meta_content_width":100,"neve_meta_title_alignment":"","neve_meta_author_avatar":"","neve_post_elements_order":"","neve_meta_disable_header":"","neve_meta_disable_footer":"","neve_meta_disable_title":""},"product_brand":[],"product_cat":[48,169,16,47],"product_tag":[56,19,50,28,49],"class_list":{"0":"post-1096","1":"product","2":"type-product","3":"status-publish","4":"has-post-thumbnail","6":"product_cat-allemagne","7":"product_cat-dummler-breiden","8":"product_cat-ceramique","9":"product_cat-west-germany","10":"product_tag-dummler-breiden","11":"product_tag-faience","12":"product_tag-fat-lava","13":"product_tag-vintage","14":"product_tag-west-germany","16":"first","17":"instock","18":"shipping-taxable","19":"purchasable","20":"product-type-simple"},"_links":{"self":[{"href":"https:\/\/legrenierdelatour.be\/brocante\/wp-json\/wp\/v2\/product\/1096","targetHints":{"allow":["GET"]}}],"collection":[{"href":"https:\/\/legrenierdelatour.be\/brocante\/wp-json\/wp\/v2\/product"}],"about":[{"href":"https:\/\/legrenierdelatour.be\/brocante\/wp-json\/wp\/v2\/types\/product"}],"replies":[{"embeddable":true,"href":"https:\/\/legrenierdelatour.be\/brocante\/wp-json\/wp\/v2\/comments?post=1096"}],"wp:featuredmedia":[{"embeddable":true,"href":"https:\/\/legrenierdelatour.be\/brocante\/wp-json\/wp\/v2\/media\/1087"}],"wp:attachment":[{"href":"https:\/\/legrenierdelatour.be\/brocante\/wp-json\/wp\/v2\/media?parent=1096"}],"wp:term":[{"taxonomy":"product_brand","embeddable":true,"href":"https:\/\/legrenierdelatour.be\/brocante\/wp-json\/wp\/v2\/product_brand?post=1096"},{"taxonomy":"product_cat","embeddable":true,"href":"https:\/\/legrenierdelatour.be\/brocante\/wp-json\/wp\/v2\/product_cat?post=1096"},{"taxonomy":"product_tag","embeddable":true,"href":"https:\/\/legrenierdelatour.be\/brocante\/wp-json\/wp\/v2\/product_tag?post=1096"}],"curies":[{"name":"wp","href":"https:\/\/api.w.org\/{rel}","templated":true}]}}