{"id":10878,"date":"2025-07-14T12:13:45","date_gmt":"2025-07-14T10:13:45","guid":{"rendered":"https:\/\/legrenierdelatour.be\/brocante\/?post_type=product&#038;p=10878"},"modified":"2025-07-14T12:13:46","modified_gmt":"2025-07-14T10:13:46","slug":"penture-coquelicots-albert-rene-zimmer-1979","status":"publish","type":"product","link":"https:\/\/legrenierdelatour.be\/brocante\/produit\/penture-coquelicots-albert-rene-zimmer-1979\/","title":{"rendered":"Penture \u00ab\u00a0Coquelicots\u00a0\u00bb, Albert Ren\u00e9 Zimmer, 1979"},"content":{"rendered":"<p>Belle peinture (47&#215;57 cm cadre compris) d\u2019un bouquet de coquelicots, sign\u00e9e en bas \u00e0 droite par Albert Zimmer. Elle est dat\u00e9e de 1979. Cette tr\u00e8s belle peinture est en parfait \u00e9tat et tr\u00e8s bien r\u00e9alis\u00e9e. Le certificat d\u2019authenticit\u00e9 se trouve \u00e0 l\u2019arri\u00e8re. Ren\u00e9 Zimmer (St Mard 1910-Florenville 1998) est un artiste qui a beaucoup expos\u00e9, mais a \u00e9t\u00e9 peu reconnu de son vivant, dans sa r\u00e9gion de Gaume. El\u00e8ve de l\u2019atelier Nestor Outer \u00e0 Virton et de l\u2019atelier Van Langenhove, il avait son propre atelier rue de la station 70 \u00e0 Florenville. Peintre de la Gaume, sa vision, toujours fid\u00e8le \u00e0 la r\u00e9alt\u00e9 du site, s\u2019exprime d\u2019une mani\u00e8re tr\u00e8s personnelle par le recours \u00e0 une palette curieusement irris\u00e9e, o\u00f9 les bleus, les roses et les blancs traduisent avec bonheur la lumi\u00e8re de l\u2019hiver. Paysagiste, il connut deux grandes p\u00e9riodes de cr\u00e9ations : la premi\u00e8re dans sa jeunesse, la seconde bien plus tard.<\/p>\n<div>R\u00e9f 43.85<\/div>\n","protected":false},"excerpt":{"rendered":"<p>Belle peinture (47&#215;57 cm cadre compris) d\u2019un bouquet de coquelicots, sign\u00e9e en bas \u00e0 droite par Albert Zimmer. Elle est dat\u00e9e de 1979. Cette tr\u00e8s belle peinture est en parfait \u00e9tat et tr\u00e8s bien r\u00e9alis\u00e9e. Le certificat d\u2019authenticit\u00e9 se trouve \u00e0 l\u2019arri\u00e8re. Ren\u00e9 Zimmer (St Mard 1910-Florenville 1998) est un artiste qui a beaucoup expos\u00e9,&hellip;&nbsp;<a href=\"https:\/\/legrenierdelatour.be\/brocante\/produit\/penture-coquelicots-albert-rene-zimmer-1979\/\" class=\"\" rel=\"bookmark\">Lire la suite &raquo;<span class=\"screen-reader-text\">Penture \u00ab\u00a0Coquelicots\u00a0\u00bb, Albert Ren\u00e9 Zimmer, 1979<\/span><\/a><\/p>\n","protected":false},"featured_media":10879,"comment_status":"open","ping_status":"closed","template":"","meta":{"neve_meta_sidebar":"","neve_meta_container":"","neve_meta_enable_content_width":"off","neve_meta_content_width":100,"neve_meta_title_alignment":"","neve_meta_author_avatar":"","neve_post_elements_order":"","neve_meta_disable_header":"","neve_meta_disable_footer":"","neve_meta_disable_title":""},"product_brand":[],"product_cat":[31,167],"product_tag":[],"class_list":{"0":"post-10878","1":"product","2":"type-product","3":"status-publish","4":"has-post-thumbnail","6":"product_cat-pays-darlon","7":"product_cat-peintures-et-sculptures","9":"first","10":"instock","11":"shipping-taxable","12":"purchasable","13":"product-type-simple"},"_links":{"self":[{"href":"https:\/\/legrenierdelatour.be\/brocante\/wp-json\/wp\/v2\/product\/10878","targetHints":{"allow":["GET"]}}],"collection":[{"href":"https:\/\/legrenierdelatour.be\/brocante\/wp-json\/wp\/v2\/product"}],"about":[{"href":"https:\/\/legrenierdelatour.be\/brocante\/wp-json\/wp\/v2\/types\/product"}],"replies":[{"embeddable":true,"href":"https:\/\/legrenierdelatour.be\/brocante\/wp-json\/wp\/v2\/comments?post=10878"}],"wp:featuredmedia":[{"embeddable":true,"href":"https:\/\/legrenierdelatour.be\/brocante\/wp-json\/wp\/v2\/media\/10879"}],"wp:attachment":[{"href":"https:\/\/legrenierdelatour.be\/brocante\/wp-json\/wp\/v2\/media?parent=10878"}],"wp:term":[{"taxonomy":"product_brand","embeddable":true,"href":"https:\/\/legrenierdelatour.be\/brocante\/wp-json\/wp\/v2\/product_brand?post=10878"},{"taxonomy":"product_cat","embeddable":true,"href":"https:\/\/legrenierdelatour.be\/brocante\/wp-json\/wp\/v2\/product_cat?post=10878"},{"taxonomy":"product_tag","embeddable":true,"href":"https:\/\/legrenierdelatour.be\/brocante\/wp-json\/wp\/v2\/product_tag?post=10878"}],"curies":[{"name":"wp","href":"https:\/\/api.w.org\/{rel}","templated":true}]}}