{"id":10734,"date":"2025-06-16T16:55:53","date_gmt":"2025-06-16T14:55:53","guid":{"rendered":"https:\/\/legrenierdelatour.be\/brocante\/?post_type=product&#038;p=10734"},"modified":"2025-09-08T17:17:50","modified_gmt":"2025-09-08T15:17:50","slug":"service-a-cafe-melitta-stockholm-liselotte-kantner","status":"publish","type":"product","link":"https:\/\/legrenierdelatour.be\/brocante\/produit\/service-a-cafe-melitta-stockholm-liselotte-kantner\/","title":{"rendered":"Service \u00e0 caf\u00e9 Melitta, Stockholm, Liselotte Kantner"},"content":{"rendered":"<div>Service \u00e0 caf\u00e9 compos\u00e9 d\u2019une cafeti\u00e8re (sans couvercle), d\u2019un pot \u00e0 lait, d\u2019un sucrier, de 6 tasses (2 comportent un petit \u00e9clat). Il a \u00e9t\u00e9 produit pour Melitta par la manufacture Ceracron, d\u2019apr\u00e8s un design de Liselotte Kantner. Cette forme \u00ab Stockholm 07 \u00bb en bleu colbalt a \u00e9t\u00e9 \u00e9dit\u00e9 en 1961-1977.<\/div>\n<div>R\u00e9f 43.17<\/div>\n","protected":false},"excerpt":{"rendered":"<p>Service \u00e0 caf\u00e9 compos\u00e9 d\u2019une cafeti\u00e8re (sans couvercle), d\u2019un pot \u00e0 lait, d\u2019un sucrier, de 6 tasses (2 comportent un petit \u00e9clat). Il a \u00e9t\u00e9 produit pour Melitta par la manufacture Ceracron, d\u2019apr\u00e8s un design de Liselotte Kantner. Cette forme \u00ab Stockholm 07 \u00bb en bleu colbalt a \u00e9t\u00e9 \u00e9dit\u00e9 en 1961-1977. R\u00e9f 43.17<\/p>\n","protected":false},"featured_media":10737,"comment_status":"open","ping_status":"closed","template":"","meta":{"neve_meta_sidebar":"","neve_meta_container":"","neve_meta_enable_content_width":"off","neve_meta_content_width":100,"neve_meta_title_alignment":"","neve_meta_author_avatar":"","neve_post_elements_order":"","neve_meta_disable_header":"","neve_meta_disable_footer":"","neve_meta_disable_title":""},"product_brand":[],"product_cat":[48,172,16],"product_tag":[],"class_list":{"0":"post-10734","1":"product","2":"type-product","3":"status-publish","4":"has-post-thumbnail","6":"product_cat-allemagne","7":"product_cat-en-cuisine","8":"product_cat-ceramique","10":"first","11":"instock","12":"shipping-taxable","13":"purchasable","14":"product-type-simple"},"_links":{"self":[{"href":"https:\/\/legrenierdelatour.be\/brocante\/wp-json\/wp\/v2\/product\/10734","targetHints":{"allow":["GET"]}}],"collection":[{"href":"https:\/\/legrenierdelatour.be\/brocante\/wp-json\/wp\/v2\/product"}],"about":[{"href":"https:\/\/legrenierdelatour.be\/brocante\/wp-json\/wp\/v2\/types\/product"}],"replies":[{"embeddable":true,"href":"https:\/\/legrenierdelatour.be\/brocante\/wp-json\/wp\/v2\/comments?post=10734"}],"wp:featuredmedia":[{"embeddable":true,"href":"https:\/\/legrenierdelatour.be\/brocante\/wp-json\/wp\/v2\/media\/10737"}],"wp:attachment":[{"href":"https:\/\/legrenierdelatour.be\/brocante\/wp-json\/wp\/v2\/media?parent=10734"}],"wp:term":[{"taxonomy":"product_brand","embeddable":true,"href":"https:\/\/legrenierdelatour.be\/brocante\/wp-json\/wp\/v2\/product_brand?post=10734"},{"taxonomy":"product_cat","embeddable":true,"href":"https:\/\/legrenierdelatour.be\/brocante\/wp-json\/wp\/v2\/product_cat?post=10734"},{"taxonomy":"product_tag","embeddable":true,"href":"https:\/\/legrenierdelatour.be\/brocante\/wp-json\/wp\/v2\/product_tag?post=10734"}],"curies":[{"name":"wp","href":"https:\/\/api.w.org\/{rel}","templated":true}]}}