{"id":10698,"date":"2025-06-03T14:51:03","date_gmt":"2025-06-03T12:51:03","guid":{"rendered":"https:\/\/legrenierdelatour.be\/brocante\/?post_type=product&#038;p=10698"},"modified":"2025-06-03T14:51:03","modified_gmt":"2025-06-03T12:51:03","slug":"cruche-a-vin-westerwald","status":"publish","type":"product","link":"https:\/\/legrenierdelatour.be\/brocante\/produit\/cruche-a-vin-westerwald\/","title":{"rendered":"Cruche \u00e0 vin Westerwald"},"content":{"rendered":"<p>Cruche \u00e0 vin (30 cm d haut) en gr\u00e8s de Westerwald (Allemagne) portant le num\u00e9ro 329 dessous. Elle porte des sc\u00e8nes bacchanales, et des \u00e9cussons de personnages historiques. le couvervle est en \u00e9tain. Elle est dan sun \u00e9tat impeccable.<\/p>\n<div>R\u00e9f 42.97<\/div>\n","protected":false},"excerpt":{"rendered":"<p>Cruche \u00e0 vin (30 cm d haut) en gr\u00e8s de Westerwald (Allemagne) portant le num\u00e9ro 329 dessous. Elle porte des sc\u00e8nes bacchanales, et des \u00e9cussons de personnages historiques. le couvervle est en \u00e9tain. Elle est dan sun \u00e9tat impeccable. R\u00e9f 42.97<\/p>\n","protected":false},"featured_media":10699,"comment_status":"open","ping_status":"closed","template":"","meta":{"neve_meta_sidebar":"","neve_meta_container":"","neve_meta_enable_content_width":"off","neve_meta_content_width":100,"neve_meta_title_alignment":"","neve_meta_author_avatar":"","neve_post_elements_order":"","neve_meta_disable_header":"","neve_meta_disable_footer":"","neve_meta_disable_title":""},"product_brand":[],"product_cat":[48,16],"product_tag":[],"class_list":{"0":"post-10698","1":"product","2":"type-product","3":"status-publish","4":"has-post-thumbnail","6":"product_cat-allemagne","7":"product_cat-ceramique","9":"first","10":"instock","11":"shipping-taxable","12":"purchasable","13":"product-type-simple"},"_links":{"self":[{"href":"https:\/\/legrenierdelatour.be\/brocante\/wp-json\/wp\/v2\/product\/10698","targetHints":{"allow":["GET"]}}],"collection":[{"href":"https:\/\/legrenierdelatour.be\/brocante\/wp-json\/wp\/v2\/product"}],"about":[{"href":"https:\/\/legrenierdelatour.be\/brocante\/wp-json\/wp\/v2\/types\/product"}],"replies":[{"embeddable":true,"href":"https:\/\/legrenierdelatour.be\/brocante\/wp-json\/wp\/v2\/comments?post=10698"}],"wp:featuredmedia":[{"embeddable":true,"href":"https:\/\/legrenierdelatour.be\/brocante\/wp-json\/wp\/v2\/media\/10699"}],"wp:attachment":[{"href":"https:\/\/legrenierdelatour.be\/brocante\/wp-json\/wp\/v2\/media?parent=10698"}],"wp:term":[{"taxonomy":"product_brand","embeddable":true,"href":"https:\/\/legrenierdelatour.be\/brocante\/wp-json\/wp\/v2\/product_brand?post=10698"},{"taxonomy":"product_cat","embeddable":true,"href":"https:\/\/legrenierdelatour.be\/brocante\/wp-json\/wp\/v2\/product_cat?post=10698"},{"taxonomy":"product_tag","embeddable":true,"href":"https:\/\/legrenierdelatour.be\/brocante\/wp-json\/wp\/v2\/product_tag?post=10698"}],"curies":[{"name":"wp","href":"https:\/\/api.w.org\/{rel}","templated":true}]}}