{"id":10607,"date":"2025-05-25T16:38:27","date_gmt":"2025-05-25T14:38:27","guid":{"rendered":"https:\/\/legrenierdelatour.be\/brocante\/?post_type=product&#038;p=10607"},"modified":"2025-05-25T16:38:27","modified_gmt":"2025-05-25T14:38:27","slug":"pastel-jeune-femme-aux-roses-fanny-fleury","status":"publish","type":"product","link":"https:\/\/legrenierdelatour.be\/brocante\/produit\/pastel-jeune-femme-aux-roses-fanny-fleury\/","title":{"rendered":"Pastel \u00ab\u00a0Jeune femme aux roses\u00a0\u00bb, Fanny Fleury"},"content":{"rendered":"<p>Beau pastel couleur (36&#215;43 cm cadre compris) d\u2019une jeune fille avec quelques roses roses. Ce pastel est sign\u00e9 F. Fleury. Il s\u2019agit de Fanny Fleury (1848-1923), portraitiste et \u00e9l\u00e8ve de Carolus-Duran, JJ Henner et Marie Duran, qui a expos\u00e9 aux salons de 1869 \u00e0 1882. En 1893, \u00e0 l\u2019Exposition Universelle de Chicago, Fanny Fleury expose au Pavillon d\u00e9di\u00e9 aux femmes, avec une centaine de plasticiennes venues du monde entier.<\/p>\n<div>R\u00e9f 42.47<\/div>\n","protected":false},"excerpt":{"rendered":"<p>Beau pastel couleur (36&#215;43 cm cadre compris) d\u2019une jeune fille avec quelques roses roses. Ce pastel est sign\u00e9 F. Fleury. Il s\u2019agit de Fanny Fleury (1848-1923), portraitiste et \u00e9l\u00e8ve de Carolus-Duran, JJ Henner et Marie Duran, qui a expos\u00e9 aux salons de 1869 \u00e0 1882. En 1893, \u00e0 l\u2019Exposition Universelle de Chicago, Fanny Fleury expose&hellip;&nbsp;<a href=\"https:\/\/legrenierdelatour.be\/brocante\/produit\/pastel-jeune-femme-aux-roses-fanny-fleury\/\" class=\"\" rel=\"bookmark\">Lire la suite &raquo;<span class=\"screen-reader-text\">Pastel \u00ab\u00a0Jeune femme aux roses\u00a0\u00bb, Fanny Fleury<\/span><\/a><\/p>\n","protected":false},"featured_media":10601,"comment_status":"open","ping_status":"closed","template":"","meta":{"neve_meta_sidebar":"","neve_meta_container":"","neve_meta_enable_content_width":"off","neve_meta_content_width":100,"neve_meta_title_alignment":"","neve_meta_author_avatar":"","neve_post_elements_order":"","neve_meta_disable_header":"","neve_meta_disable_footer":"","neve_meta_disable_title":""},"product_brand":[],"product_cat":[167],"product_tag":[],"class_list":{"0":"post-10607","1":"product","2":"type-product","3":"status-publish","4":"has-post-thumbnail","6":"product_cat-peintures-et-sculptures","8":"first","9":"instock","10":"shipping-taxable","11":"purchasable","12":"product-type-simple"},"_links":{"self":[{"href":"https:\/\/legrenierdelatour.be\/brocante\/wp-json\/wp\/v2\/product\/10607","targetHints":{"allow":["GET"]}}],"collection":[{"href":"https:\/\/legrenierdelatour.be\/brocante\/wp-json\/wp\/v2\/product"}],"about":[{"href":"https:\/\/legrenierdelatour.be\/brocante\/wp-json\/wp\/v2\/types\/product"}],"replies":[{"embeddable":true,"href":"https:\/\/legrenierdelatour.be\/brocante\/wp-json\/wp\/v2\/comments?post=10607"}],"wp:featuredmedia":[{"embeddable":true,"href":"https:\/\/legrenierdelatour.be\/brocante\/wp-json\/wp\/v2\/media\/10601"}],"wp:attachment":[{"href":"https:\/\/legrenierdelatour.be\/brocante\/wp-json\/wp\/v2\/media?parent=10607"}],"wp:term":[{"taxonomy":"product_brand","embeddable":true,"href":"https:\/\/legrenierdelatour.be\/brocante\/wp-json\/wp\/v2\/product_brand?post=10607"},{"taxonomy":"product_cat","embeddable":true,"href":"https:\/\/legrenierdelatour.be\/brocante\/wp-json\/wp\/v2\/product_cat?post=10607"},{"taxonomy":"product_tag","embeddable":true,"href":"https:\/\/legrenierdelatour.be\/brocante\/wp-json\/wp\/v2\/product_tag?post=10607"}],"curies":[{"name":"wp","href":"https:\/\/api.w.org\/{rel}","templated":true}]}}