{"id":10600,"date":"2025-05-25T16:22:37","date_gmt":"2025-05-25T14:22:37","guid":{"rendered":"https:\/\/legrenierdelatour.be\/brocante\/?post_type=product&#038;p=10600"},"modified":"2025-05-25T16:22:37","modified_gmt":"2025-05-25T14:22:37","slug":"peinture-a-lhuile-neufchateau-par-temps-dorage-r-h-bernard","status":"publish","type":"product","link":"https:\/\/legrenierdelatour.be\/brocante\/produit\/peinture-a-lhuile-neufchateau-par-temps-dorage-r-h-bernard\/","title":{"rendered":"Peinture \u00e0 l&rsquo;huile \u00ab\u00a0Neufchateau par temps d&rsquo;orage\u00a0\u00bb R.H. Bernard"},"content":{"rendered":"<p>Belle peinture \u00e0 l\u2019huile (42&#215;48 cm cadre compris) repr\u00e9sentant \u00ab\u00a0Neufch\u00e2teau par tempa d\u2019orage\u00a0\u00bb sign\u00e9e en bas \u00e0 gauche R.H. Bernard. L\u2019artiste n\u2019a pas \u00e9t\u00e9 identifi\u00e9.<\/p>\n<div>R\u00e9f 42.46<\/div>\n","protected":false},"excerpt":{"rendered":"<p>Belle peinture \u00e0 l\u2019huile (42&#215;48 cm cadre compris) repr\u00e9sentant \u00ab\u00a0Neufch\u00e2teau par tempa d\u2019orage\u00a0\u00bb sign\u00e9e en bas \u00e0 gauche R.H. Bernard. L\u2019artiste n\u2019a pas \u00e9t\u00e9 identifi\u00e9. R\u00e9f 42.46<\/p>\n","protected":false},"featured_media":10604,"comment_status":"open","ping_status":"closed","template":"","meta":{"neve_meta_sidebar":"","neve_meta_container":"","neve_meta_enable_content_width":"off","neve_meta_content_width":100,"neve_meta_title_alignment":"","neve_meta_author_avatar":"","neve_post_elements_order":"","neve_meta_disable_header":"","neve_meta_disable_footer":"","neve_meta_disable_title":""},"product_brand":[],"product_cat":[31,167],"product_tag":[],"class_list":{"0":"post-10600","1":"product","2":"type-product","3":"status-publish","4":"has-post-thumbnail","6":"product_cat-pays-darlon","7":"product_cat-peintures-et-sculptures","9":"first","10":"instock","11":"shipping-taxable","12":"purchasable","13":"product-type-simple"},"_links":{"self":[{"href":"https:\/\/legrenierdelatour.be\/brocante\/wp-json\/wp\/v2\/product\/10600","targetHints":{"allow":["GET"]}}],"collection":[{"href":"https:\/\/legrenierdelatour.be\/brocante\/wp-json\/wp\/v2\/product"}],"about":[{"href":"https:\/\/legrenierdelatour.be\/brocante\/wp-json\/wp\/v2\/types\/product"}],"replies":[{"embeddable":true,"href":"https:\/\/legrenierdelatour.be\/brocante\/wp-json\/wp\/v2\/comments?post=10600"}],"wp:featuredmedia":[{"embeddable":true,"href":"https:\/\/legrenierdelatour.be\/brocante\/wp-json\/wp\/v2\/media\/10604"}],"wp:attachment":[{"href":"https:\/\/legrenierdelatour.be\/brocante\/wp-json\/wp\/v2\/media?parent=10600"}],"wp:term":[{"taxonomy":"product_brand","embeddable":true,"href":"https:\/\/legrenierdelatour.be\/brocante\/wp-json\/wp\/v2\/product_brand?post=10600"},{"taxonomy":"product_cat","embeddable":true,"href":"https:\/\/legrenierdelatour.be\/brocante\/wp-json\/wp\/v2\/product_cat?post=10600"},{"taxonomy":"product_tag","embeddable":true,"href":"https:\/\/legrenierdelatour.be\/brocante\/wp-json\/wp\/v2\/product_tag?post=10600"}],"curies":[{"name":"wp","href":"https:\/\/api.w.org\/{rel}","templated":true}]}}