{"id":10538,"date":"2025-05-18T14:38:28","date_gmt":"2025-05-18T12:38:28","guid":{"rendered":"https:\/\/legrenierdelatour.be\/brocante\/?post_type=product&#038;p=10538"},"modified":"2025-05-18T14:38:28","modified_gmt":"2025-05-18T12:38:28","slug":"petite-assiette-japon-boch-freres-keramis-1881","status":"publish","type":"product","link":"https:\/\/legrenierdelatour.be\/brocante\/produit\/petite-assiette-japon-boch-freres-keramis-1881\/","title":{"rendered":"Petite assiette \u00ab\u00a0Japon\u00a0\u00bb Boch Fr\u00e8res Keramis, 1881"},"content":{"rendered":"<p>Petite assiette \u00e0 talon (16 cm de diam\u00e8tre) oirtant de d\u00e9cor Japon, ainsi que la marque Japon BFK dessous. Ce d\u00e9cor a \u00e9t\u00e9 cr\u00e9\u00e9 par H Moulin pour Boch fr\u00e8res Keramis en 1881. cette assiette date de la fin du 19\u00e8 si\u00e8cle et est en parfait \u00e9tat.<\/p>\n<div>R\u00e9f 42.21<\/div>\n","protected":false},"excerpt":{"rendered":"<p>Petite assiette \u00e0 talon (16 cm de diam\u00e8tre) oirtant de d\u00e9cor Japon, ainsi que la marque Japon BFK dessous. Ce d\u00e9cor a \u00e9t\u00e9 cr\u00e9\u00e9 par H Moulin pour Boch fr\u00e8res Keramis en 1881. cette assiette date de la fin du 19\u00e8 si\u00e8cle et est en parfait \u00e9tat. R\u00e9f 42.21<\/p>\n","protected":false},"featured_media":10539,"comment_status":"open","ping_status":"closed","template":"","meta":{"neve_meta_sidebar":"","neve_meta_container":"","neve_meta_enable_content_width":"off","neve_meta_content_width":100,"neve_meta_title_alignment":"","neve_meta_author_avatar":"","neve_post_elements_order":"","neve_meta_disable_header":"","neve_meta_disable_footer":"","neve_meta_disable_title":""},"product_brand":[],"product_cat":[37,175,16],"product_tag":[],"class_list":{"0":"post-10538","1":"product","2":"type-product","3":"status-publish","4":"has-post-thumbnail","6":"product_cat-belgique","7":"product_cat-boch","8":"product_cat-ceramique","10":"first","11":"instock","12":"shipping-taxable","13":"purchasable","14":"product-type-simple"},"_links":{"self":[{"href":"https:\/\/legrenierdelatour.be\/brocante\/wp-json\/wp\/v2\/product\/10538","targetHints":{"allow":["GET"]}}],"collection":[{"href":"https:\/\/legrenierdelatour.be\/brocante\/wp-json\/wp\/v2\/product"}],"about":[{"href":"https:\/\/legrenierdelatour.be\/brocante\/wp-json\/wp\/v2\/types\/product"}],"replies":[{"embeddable":true,"href":"https:\/\/legrenierdelatour.be\/brocante\/wp-json\/wp\/v2\/comments?post=10538"}],"wp:featuredmedia":[{"embeddable":true,"href":"https:\/\/legrenierdelatour.be\/brocante\/wp-json\/wp\/v2\/media\/10539"}],"wp:attachment":[{"href":"https:\/\/legrenierdelatour.be\/brocante\/wp-json\/wp\/v2\/media?parent=10538"}],"wp:term":[{"taxonomy":"product_brand","embeddable":true,"href":"https:\/\/legrenierdelatour.be\/brocante\/wp-json\/wp\/v2\/product_brand?post=10538"},{"taxonomy":"product_cat","embeddable":true,"href":"https:\/\/legrenierdelatour.be\/brocante\/wp-json\/wp\/v2\/product_cat?post=10538"},{"taxonomy":"product_tag","embeddable":true,"href":"https:\/\/legrenierdelatour.be\/brocante\/wp-json\/wp\/v2\/product_tag?post=10538"}],"curies":[{"name":"wp","href":"https:\/\/api.w.org\/{rel}","templated":true}]}}