{"id":10533,"date":"2025-05-18T14:26:15","date_gmt":"2025-05-18T12:26:15","guid":{"rendered":"https:\/\/legrenierdelatour.be\/brocante\/?post_type=product&#038;p=10533"},"modified":"2025-05-18T14:26:15","modified_gmt":"2025-05-18T12:26:15","slug":"assiettes-parlantes-militaires-nimy","status":"publish","type":"product","link":"https:\/\/legrenierdelatour.be\/brocante\/produit\/assiettes-parlantes-militaires-nimy\/","title":{"rendered":"Assiettes parlantes militaires, Nimy"},"content":{"rendered":"<p>Belles assiettes parlantes (19 cm de diam\u00e8tre) avec repr\u00e9sentation de sc\u00e8nes militaires entour\u00e9es d&rsquo;une guirlande de fraisiers. Elles portent le cachet de Nimy permettant des dater du d\u00e9but du 20\u00e8 si\u00e8cle.<\/p>\n<div>Une assiette \u00ab\u00a0Fantaisies militaires\u00a0\u00bb : On devrait bien donner des chevaux \u00e0 l\u2019infanterie (1)<\/div>\n<div>Deux assiettes \u00ab\u00a0G\u00e9nie\u00a0\u00bb : Si on m\u2019avait pouss\u00e9, j\u2019avais le g\u00e9nie Militaire ! (12)<\/div>\n<div>Elle sont vendues \u00e0 la pi\u00e8ce au prix de 15\u20ac<\/div>\n<div>R\u00e9f 42.20<\/div>\n","protected":false},"excerpt":{"rendered":"<p>Belles assiettes parlantes (19 cm de diam\u00e8tre) avec repr\u00e9sentation de sc\u00e8nes militaires entour\u00e9es d&rsquo;une guirlande de fraisiers. Elles portent le cachet de Nimy permettant des dater du d\u00e9but du 20\u00e8 si\u00e8cle. Une assiette \u00ab\u00a0Fantaisies militaires\u00a0\u00bb : On devrait bien donner des chevaux \u00e0 l\u2019infanterie (1) Deux assiettes \u00ab\u00a0G\u00e9nie\u00a0\u00bb : Si on m\u2019avait pouss\u00e9, j\u2019avais le&hellip;&nbsp;<a href=\"https:\/\/legrenierdelatour.be\/brocante\/produit\/assiettes-parlantes-militaires-nimy\/\" class=\"\" rel=\"bookmark\">Lire la suite &raquo;<span class=\"screen-reader-text\">Assiettes parlantes militaires, Nimy<\/span><\/a><\/p>\n","protected":false},"featured_media":10534,"comment_status":"open","ping_status":"closed","template":"","meta":{"neve_meta_sidebar":"","neve_meta_container":"","neve_meta_enable_content_width":"off","neve_meta_content_width":100,"neve_meta_title_alignment":"","neve_meta_author_avatar":"","neve_post_elements_order":"","neve_meta_disable_header":"","neve_meta_disable_footer":"","neve_meta_disable_title":""},"product_brand":[],"product_cat":[37,16,188],"product_tag":[],"class_list":{"0":"post-10533","1":"product","2":"type-product","3":"status-publish","4":"has-post-thumbnail","6":"product_cat-belgique","7":"product_cat-ceramique","8":"product_cat-nimy","10":"first","11":"instock","12":"shipping-taxable","13":"purchasable","14":"product-type-simple"},"_links":{"self":[{"href":"https:\/\/legrenierdelatour.be\/brocante\/wp-json\/wp\/v2\/product\/10533","targetHints":{"allow":["GET"]}}],"collection":[{"href":"https:\/\/legrenierdelatour.be\/brocante\/wp-json\/wp\/v2\/product"}],"about":[{"href":"https:\/\/legrenierdelatour.be\/brocante\/wp-json\/wp\/v2\/types\/product"}],"replies":[{"embeddable":true,"href":"https:\/\/legrenierdelatour.be\/brocante\/wp-json\/wp\/v2\/comments?post=10533"}],"wp:featuredmedia":[{"embeddable":true,"href":"https:\/\/legrenierdelatour.be\/brocante\/wp-json\/wp\/v2\/media\/10534"}],"wp:attachment":[{"href":"https:\/\/legrenierdelatour.be\/brocante\/wp-json\/wp\/v2\/media?parent=10533"}],"wp:term":[{"taxonomy":"product_brand","embeddable":true,"href":"https:\/\/legrenierdelatour.be\/brocante\/wp-json\/wp\/v2\/product_brand?post=10533"},{"taxonomy":"product_cat","embeddable":true,"href":"https:\/\/legrenierdelatour.be\/brocante\/wp-json\/wp\/v2\/product_cat?post=10533"},{"taxonomy":"product_tag","embeddable":true,"href":"https:\/\/legrenierdelatour.be\/brocante\/wp-json\/wp\/v2\/product_tag?post=10533"}],"curies":[{"name":"wp","href":"https:\/\/api.w.org\/{rel}","templated":true}]}}