{"id":10504,"date":"2025-05-17T16:15:10","date_gmt":"2025-05-17T14:15:10","guid":{"rendered":"https:\/\/legrenierdelatour.be\/brocante\/?post_type=product&#038;p=10504"},"modified":"2025-05-17T16:15:11","modified_gmt":"2025-05-17T14:15:11","slug":"vase-marei-4103-capri","status":"publish","type":"product","link":"https:\/\/legrenierdelatour.be\/brocante\/produit\/vase-marei-4103-capri\/","title":{"rendered":"Vase Marei 4103 \u00ab\u00a0Capri\u00a0\u00bb"},"content":{"rendered":"<p>Pot en fa\u00efence (14 cm de haut) portant le num\u00e9ro de forme 4103 et le d\u00e9cor \u00ab Capri\u00a0\u00bb . Il est issu de la manufacture Marei (1949-2016) \u00e0 Rheinbach en Allemagne de l\u2019Ouest.<\/p>\n<div>R\u00e9f 42.08<\/div>\n","protected":false},"excerpt":{"rendered":"<p>Pot en fa\u00efence (14 cm de haut) portant le num\u00e9ro de forme 4103 et le d\u00e9cor \u00ab Capri\u00a0\u00bb . Il est issu de la manufacture Marei (1949-2016) \u00e0 Rheinbach en Allemagne de l\u2019Ouest. R\u00e9f 42.08<\/p>\n","protected":false},"featured_media":10505,"comment_status":"open","ping_status":"closed","template":"","meta":{"neve_meta_sidebar":"","neve_meta_container":"","neve_meta_enable_content_width":"off","neve_meta_content_width":100,"neve_meta_title_alignment":"","neve_meta_author_avatar":"","neve_post_elements_order":"","neve_meta_disable_header":"","neve_meta_disable_footer":"","neve_meta_disable_title":""},"product_brand":[],"product_cat":[48,16,47],"product_tag":[],"class_list":{"0":"post-10504","1":"product","2":"type-product","3":"status-publish","4":"has-post-thumbnail","6":"product_cat-allemagne","7":"product_cat-ceramique","8":"product_cat-west-germany","10":"first","11":"instock","12":"shipping-taxable","13":"purchasable","14":"product-type-simple"},"_links":{"self":[{"href":"https:\/\/legrenierdelatour.be\/brocante\/wp-json\/wp\/v2\/product\/10504","targetHints":{"allow":["GET"]}}],"collection":[{"href":"https:\/\/legrenierdelatour.be\/brocante\/wp-json\/wp\/v2\/product"}],"about":[{"href":"https:\/\/legrenierdelatour.be\/brocante\/wp-json\/wp\/v2\/types\/product"}],"replies":[{"embeddable":true,"href":"https:\/\/legrenierdelatour.be\/brocante\/wp-json\/wp\/v2\/comments?post=10504"}],"wp:featuredmedia":[{"embeddable":true,"href":"https:\/\/legrenierdelatour.be\/brocante\/wp-json\/wp\/v2\/media\/10505"}],"wp:attachment":[{"href":"https:\/\/legrenierdelatour.be\/brocante\/wp-json\/wp\/v2\/media?parent=10504"}],"wp:term":[{"taxonomy":"product_brand","embeddable":true,"href":"https:\/\/legrenierdelatour.be\/brocante\/wp-json\/wp\/v2\/product_brand?post=10504"},{"taxonomy":"product_cat","embeddable":true,"href":"https:\/\/legrenierdelatour.be\/brocante\/wp-json\/wp\/v2\/product_cat?post=10504"},{"taxonomy":"product_tag","embeddable":true,"href":"https:\/\/legrenierdelatour.be\/brocante\/wp-json\/wp\/v2\/product_tag?post=10504"}],"curies":[{"name":"wp","href":"https:\/\/api.w.org\/{rel}","templated":true}]}}