{"id":1046,"date":"2022-03-26T13:49:46","date_gmt":"2022-03-26T12:49:46","guid":{"rendered":"https:\/\/legrenierdelatour.be\/brocante\/?post_type=product&#038;p=1046"},"modified":"2022-05-19T16:06:15","modified_gmt":"2022-05-19T14:06:15","slug":"cendrier-simba-en-melamine","status":"publish","type":"product","link":"https:\/\/legrenierdelatour.be\/brocante\/produit\/cendrier-simba-en-melamine\/","title":{"rendered":"Cendrier \u00ab\u00a0Simba\u00a0\u00bb en m\u00e9lamine"},"content":{"rendered":"<p>Cendrier (11 cm de diam\u00e8tre) en m\u00e9lamine (mati\u00e8re synth\u00e9tique), produit pour la bi\u00e8re Simba des brasseries du Katanga. Cette brasserie (existe depuis 1925) est situ\u00e9e \u00e0 Lubumbashi (ancienne Elisabethville jusqu\u2019en 1966) au Katanga dans la R\u00e9publique D\u00e9mocratique du Congo, et produit deux bi\u00e8res, la Simba blonde (qui existe au moins depuis 1937) et la Tembo brune. Le cendrier a \u00e9t\u00e9 produit par Cogebi (Compagnie G\u00e9n\u00e9rale Belge des Isolants) et Ornamin. C\u2019est une production belge et le cendrier date probablement des ann\u00e9es 1950-1966.<\/p>\n<div>R\u00e9f 10.23<\/div>\n","protected":false},"excerpt":{"rendered":"<p>Cendrier (11 cm de diam\u00e8tre) en m\u00e9lamine (mati\u00e8re synth\u00e9tique), produit pour la bi\u00e8re Simba des brasseries du Katanga. Cette brasserie (existe depuis 1925) est situ\u00e9e \u00e0 Lubumbashi (ancienne Elisabethville jusqu\u2019en 1966) au Katanga dans la R\u00e9publique D\u00e9mocratique du Congo, et produit deux bi\u00e8res, la Simba blonde (qui existe au moins depuis 1937) et la Tembo&hellip;&nbsp;<a href=\"https:\/\/legrenierdelatour.be\/brocante\/produit\/cendrier-simba-en-melamine\/\" class=\"\" rel=\"bookmark\">Lire la suite &raquo;<span class=\"screen-reader-text\">Cendrier \u00ab\u00a0Simba\u00a0\u00bb en m\u00e9lamine<\/span><\/a><\/p>\n","protected":false},"featured_media":1021,"comment_status":"open","ping_status":"closed","template":"","meta":{"neve_meta_sidebar":"","neve_meta_container":"","neve_meta_enable_content_width":"off","neve_meta_content_width":100,"neve_meta_title_alignment":"","neve_meta_author_avatar":"","neve_post_elements_order":"","neve_meta_disable_header":"","neve_meta_disable_footer":"","neve_meta_disable_title":""},"product_brand":[],"product_cat":[183,173],"product_tag":[97,40,28],"class_list":{"0":"post-1046","1":"product","2":"type-product","3":"status-publish","4":"has-post-thumbnail","6":"product_cat-bureau-et-fumoir","7":"product_cat-objets-de-publicite","8":"product_tag-afrique","9":"product_tag-belgique","10":"product_tag-vintage","12":"first","13":"instock","14":"shipping-taxable","15":"purchasable","16":"product-type-simple"},"_links":{"self":[{"href":"https:\/\/legrenierdelatour.be\/brocante\/wp-json\/wp\/v2\/product\/1046","targetHints":{"allow":["GET"]}}],"collection":[{"href":"https:\/\/legrenierdelatour.be\/brocante\/wp-json\/wp\/v2\/product"}],"about":[{"href":"https:\/\/legrenierdelatour.be\/brocante\/wp-json\/wp\/v2\/types\/product"}],"replies":[{"embeddable":true,"href":"https:\/\/legrenierdelatour.be\/brocante\/wp-json\/wp\/v2\/comments?post=1046"}],"wp:featuredmedia":[{"embeddable":true,"href":"https:\/\/legrenierdelatour.be\/brocante\/wp-json\/wp\/v2\/media\/1021"}],"wp:attachment":[{"href":"https:\/\/legrenierdelatour.be\/brocante\/wp-json\/wp\/v2\/media?parent=1046"}],"wp:term":[{"taxonomy":"product_brand","embeddable":true,"href":"https:\/\/legrenierdelatour.be\/brocante\/wp-json\/wp\/v2\/product_brand?post=1046"},{"taxonomy":"product_cat","embeddable":true,"href":"https:\/\/legrenierdelatour.be\/brocante\/wp-json\/wp\/v2\/product_cat?post=1046"},{"taxonomy":"product_tag","embeddable":true,"href":"https:\/\/legrenierdelatour.be\/brocante\/wp-json\/wp\/v2\/product_tag?post=1046"}],"curies":[{"name":"wp","href":"https:\/\/api.w.org\/{rel}","templated":true}]}}