{"id":10448,"date":"2025-05-12T11:22:10","date_gmt":"2025-05-12T09:22:10","guid":{"rendered":"https:\/\/legrenierdelatour.be\/brocante\/?post_type=product&#038;p=10448"},"modified":"2025-05-12T11:24:47","modified_gmt":"2025-05-12T09:24:47","slug":"compotier-boch-freres-rubis","status":"publish","type":"product","link":"https:\/\/legrenierdelatour.be\/brocante\/produit\/compotier-boch-freres-rubis\/","title":{"rendered":"Compotier Boch Fr\u00e8res, Rubis"},"content":{"rendered":"<p>Beau compotier en fa\u00efence (23 cm de diam\u00e8tre x 13 cm d haut) de la manufacture Boch Fr\u00e8res et portant le d\u00e9cor Rubis, des bouquets de fleurs bleu\/vert. Il est en bon \u00e9tat si ce n\u2019est les traces d\u2019usures habutuelles pour la faience de cet \u00e2ge. Il date de la fin du 19\u00e8 si\u00e8cle (autour de 1894), dans le style Art Nouveau.<\/p>\n<div>R\u00e9f 41.78<\/div>\n","protected":false},"excerpt":{"rendered":"<p>Beau compotier en fa\u00efence (23 cm de diam\u00e8tre x 13 cm d haut) de la manufacture Boch Fr\u00e8res et portant le d\u00e9cor Rubis, des bouquets de fleurs bleu\/vert. Il est en bon \u00e9tat si ce n\u2019est les traces d\u2019usures habutuelles pour la faience de cet \u00e2ge. Il date de la fin du 19\u00e8 si\u00e8cle (autour&hellip;&nbsp;<a href=\"https:\/\/legrenierdelatour.be\/brocante\/produit\/compotier-boch-freres-rubis\/\" class=\"\" rel=\"bookmark\">Lire la suite &raquo;<span class=\"screen-reader-text\">Compotier Boch Fr\u00e8res, Rubis<\/span><\/a><\/p>\n","protected":false},"featured_media":10449,"comment_status":"open","ping_status":"closed","template":"","meta":{"neve_meta_sidebar":"","neve_meta_container":"","neve_meta_enable_content_width":"off","neve_meta_content_width":100,"neve_meta_title_alignment":"","neve_meta_author_avatar":"","neve_post_elements_order":"","neve_meta_disable_header":"","neve_meta_disable_footer":"","neve_meta_disable_title":""},"product_brand":[],"product_cat":[37,175,16],"product_tag":[],"class_list":{"0":"post-10448","1":"product","2":"type-product","3":"status-publish","4":"has-post-thumbnail","6":"product_cat-belgique","7":"product_cat-boch","8":"product_cat-ceramique","10":"first","11":"instock","12":"shipping-taxable","13":"purchasable","14":"product-type-simple"},"_links":{"self":[{"href":"https:\/\/legrenierdelatour.be\/brocante\/wp-json\/wp\/v2\/product\/10448","targetHints":{"allow":["GET"]}}],"collection":[{"href":"https:\/\/legrenierdelatour.be\/brocante\/wp-json\/wp\/v2\/product"}],"about":[{"href":"https:\/\/legrenierdelatour.be\/brocante\/wp-json\/wp\/v2\/types\/product"}],"replies":[{"embeddable":true,"href":"https:\/\/legrenierdelatour.be\/brocante\/wp-json\/wp\/v2\/comments?post=10448"}],"wp:featuredmedia":[{"embeddable":true,"href":"https:\/\/legrenierdelatour.be\/brocante\/wp-json\/wp\/v2\/media\/10449"}],"wp:attachment":[{"href":"https:\/\/legrenierdelatour.be\/brocante\/wp-json\/wp\/v2\/media?parent=10448"}],"wp:term":[{"taxonomy":"product_brand","embeddable":true,"href":"https:\/\/legrenierdelatour.be\/brocante\/wp-json\/wp\/v2\/product_brand?post=10448"},{"taxonomy":"product_cat","embeddable":true,"href":"https:\/\/legrenierdelatour.be\/brocante\/wp-json\/wp\/v2\/product_cat?post=10448"},{"taxonomy":"product_tag","embeddable":true,"href":"https:\/\/legrenierdelatour.be\/brocante\/wp-json\/wp\/v2\/product_tag?post=10448"}],"curies":[{"name":"wp","href":"https:\/\/api.w.org\/{rel}","templated":true}]}}