{"id":10382,"date":"2025-05-07T10:49:15","date_gmt":"2025-05-07T08:49:15","guid":{"rendered":"https:\/\/legrenierdelatour.be\/brocante\/?post_type=product&#038;p=10382"},"modified":"2025-05-07T10:49:15","modified_gmt":"2025-05-07T08:49:15","slug":"assiettes-a-dessert-rose-longwy","status":"publish","type":"product","link":"https:\/\/legrenierdelatour.be\/brocante\/produit\/assiettes-a-dessert-rose-longwy\/","title":{"rendered":"Assiettes \u00e0 dessert, rose, Longwy"},"content":{"rendered":"<p>Assiettes \u00e0 dessert en fa\u00efence (18 cm de diam\u00e8tre) de la manufacture de Longwy, avec un d\u00e9cor floral \u00e9maill\u00e9. Elles ont un style tr\u00e8s Art D\u00e9co et datent sans doute des ann\u00e9es 1930-1948.<\/p>\n<p>Elles sont vendues au prix de 6\u20ac pi\u00e8ce<\/p>\n<div>R\u00e9f 40.81<\/div>\n","protected":false},"excerpt":{"rendered":"<p>Assiettes \u00e0 dessert en fa\u00efence (18 cm de diam\u00e8tre) de la manufacture de Longwy, avec un d\u00e9cor floral \u00e9maill\u00e9. Elles ont un style tr\u00e8s Art D\u00e9co et datent sans doute des ann\u00e9es 1930-1948. Elles sont vendues au prix de 6\u20ac pi\u00e8ce R\u00e9f 40.81<\/p>\n","protected":false},"featured_media":10383,"comment_status":"open","ping_status":"closed","template":"","meta":{"neve_meta_sidebar":"","neve_meta_container":"","neve_meta_enable_content_width":"off","neve_meta_content_width":100,"neve_meta_title_alignment":"","neve_meta_author_avatar":"","neve_post_elements_order":"","neve_meta_disable_header":"","neve_meta_disable_footer":"","neve_meta_disable_title":""},"product_brand":[],"product_cat":[172,16,59,66],"product_tag":[],"class_list":{"0":"post-10382","1":"product","2":"type-product","3":"status-publish","4":"has-post-thumbnail","6":"product_cat-en-cuisine","7":"product_cat-ceramique","8":"product_cat-france","9":"product_cat-longwy","11":"first","12":"instock","13":"shipping-taxable","14":"purchasable","15":"product-type-simple"},"_links":{"self":[{"href":"https:\/\/legrenierdelatour.be\/brocante\/wp-json\/wp\/v2\/product\/10382","targetHints":{"allow":["GET"]}}],"collection":[{"href":"https:\/\/legrenierdelatour.be\/brocante\/wp-json\/wp\/v2\/product"}],"about":[{"href":"https:\/\/legrenierdelatour.be\/brocante\/wp-json\/wp\/v2\/types\/product"}],"replies":[{"embeddable":true,"href":"https:\/\/legrenierdelatour.be\/brocante\/wp-json\/wp\/v2\/comments?post=10382"}],"wp:featuredmedia":[{"embeddable":true,"href":"https:\/\/legrenierdelatour.be\/brocante\/wp-json\/wp\/v2\/media\/10383"}],"wp:attachment":[{"href":"https:\/\/legrenierdelatour.be\/brocante\/wp-json\/wp\/v2\/media?parent=10382"}],"wp:term":[{"taxonomy":"product_brand","embeddable":true,"href":"https:\/\/legrenierdelatour.be\/brocante\/wp-json\/wp\/v2\/product_brand?post=10382"},{"taxonomy":"product_cat","embeddable":true,"href":"https:\/\/legrenierdelatour.be\/brocante\/wp-json\/wp\/v2\/product_cat?post=10382"},{"taxonomy":"product_tag","embeddable":true,"href":"https:\/\/legrenierdelatour.be\/brocante\/wp-json\/wp\/v2\/product_tag?post=10382"}],"curies":[{"name":"wp","href":"https:\/\/api.w.org\/{rel}","templated":true}]}}