{"id":10320,"date":"2025-04-30T17:19:03","date_gmt":"2025-04-30T15:19:03","guid":{"rendered":"https:\/\/legrenierdelatour.be\/brocante\/?post_type=product&#038;p=10320"},"modified":"2025-04-30T17:24:57","modified_gmt":"2025-04-30T15:24:57","slug":"petite-assiette-bonne-fete-maman-faiencerie-des-recollets","status":"publish","type":"product","link":"https:\/\/legrenierdelatour.be\/brocante\/produit\/petite-assiette-bonne-fete-maman-faiencerie-des-recollets\/","title":{"rendered":"Petite assiette \u00ab\u00a0Bonne f\u00eate maman\u00a0\u00bb, Fa\u00efencerie des r\u00e9collets"},"content":{"rendered":"<p>Petite assiette (14 cm de diam\u00e8tre) portant une d\u00e9coration de fleurs, portant l\u2019inscrption \u00ab\u00a0Bonne f\u00eate maman\u00a0\u00bb. Elle porte le cachet de la Fa\u00efencerie des r\u00e9collets.\u00a0Cette fa\u00efencerie est une coop\u00e9rative cr\u00e9\u00e9e en 1985 place Giraud au num\u00e9ro 2 par d\u2019anciens ouvriers de la fa\u00efencerie de Longwy. En 1996, Francis Katz reprend cet \u00e9tablissement jusqu\u2019en 2005, date \u00e0 laquelle Bogdan Szimanski lui succ\u00e8de. On y fabrique des pi\u00e8ces traditionnelles, \u00e0 la main, dans le go\u00fbt des\u00a0<a href=\"https:\/\/gr-atlas.uni.lu\/index.php\/fr\/articles\/wi55\/ce959\/lo1166\/lo1150?task=view&amp;id=2307\" target=\"_blank\" rel=\"noopener\">Emaux de Longwy<\/a>.<\/p>\n<div>R\u00e9f 41.12<\/div>\n","protected":false},"excerpt":{"rendered":"<p>Petite assiette (14 cm de diam\u00e8tre) portant une d\u00e9coration de fleurs, portant l\u2019inscrption \u00ab\u00a0Bonne f\u00eate maman\u00a0\u00bb. Elle porte le cachet de la Fa\u00efencerie des r\u00e9collets.\u00a0Cette fa\u00efencerie est une coop\u00e9rative cr\u00e9\u00e9e en 1985 place Giraud au num\u00e9ro 2 par d\u2019anciens ouvriers de la fa\u00efencerie de Longwy. En 1996, Francis Katz reprend cet \u00e9tablissement jusqu\u2019en 2005, date&hellip;&nbsp;<a href=\"https:\/\/legrenierdelatour.be\/brocante\/produit\/petite-assiette-bonne-fete-maman-faiencerie-des-recollets\/\" class=\"\" rel=\"bookmark\">Lire la suite &raquo;<span class=\"screen-reader-text\">Petite assiette \u00ab\u00a0Bonne f\u00eate maman\u00a0\u00bb, Fa\u00efencerie des r\u00e9collets<\/span><\/a><\/p>\n","protected":false},"featured_media":10310,"comment_status":"open","ping_status":"closed","template":"","meta":{"neve_meta_sidebar":"","neve_meta_container":"","neve_meta_enable_content_width":"off","neve_meta_content_width":100,"neve_meta_title_alignment":"","neve_meta_author_avatar":"","neve_post_elements_order":"","neve_meta_disable_header":"","neve_meta_disable_footer":"","neve_meta_disable_title":""},"product_brand":[],"product_cat":[16,66],"product_tag":[],"class_list":{"0":"post-10320","1":"product","2":"type-product","3":"status-publish","4":"has-post-thumbnail","6":"product_cat-ceramique","7":"product_cat-longwy","9":"first","10":"instock","11":"shipping-taxable","12":"purchasable","13":"product-type-simple"},"_links":{"self":[{"href":"https:\/\/legrenierdelatour.be\/brocante\/wp-json\/wp\/v2\/product\/10320","targetHints":{"allow":["GET"]}}],"collection":[{"href":"https:\/\/legrenierdelatour.be\/brocante\/wp-json\/wp\/v2\/product"}],"about":[{"href":"https:\/\/legrenierdelatour.be\/brocante\/wp-json\/wp\/v2\/types\/product"}],"replies":[{"embeddable":true,"href":"https:\/\/legrenierdelatour.be\/brocante\/wp-json\/wp\/v2\/comments?post=10320"}],"wp:featuredmedia":[{"embeddable":true,"href":"https:\/\/legrenierdelatour.be\/brocante\/wp-json\/wp\/v2\/media\/10310"}],"wp:attachment":[{"href":"https:\/\/legrenierdelatour.be\/brocante\/wp-json\/wp\/v2\/media?parent=10320"}],"wp:term":[{"taxonomy":"product_brand","embeddable":true,"href":"https:\/\/legrenierdelatour.be\/brocante\/wp-json\/wp\/v2\/product_brand?post=10320"},{"taxonomy":"product_cat","embeddable":true,"href":"https:\/\/legrenierdelatour.be\/brocante\/wp-json\/wp\/v2\/product_cat?post=10320"},{"taxonomy":"product_tag","embeddable":true,"href":"https:\/\/legrenierdelatour.be\/brocante\/wp-json\/wp\/v2\/product_tag?post=10320"}],"curies":[{"name":"wp","href":"https:\/\/api.w.org\/{rel}","templated":true}]}}