{"id":10235,"date":"2025-04-19T16:43:54","date_gmt":"2025-04-19T14:43:54","guid":{"rendered":"https:\/\/legrenierdelatour.be\/brocante\/?post_type=product&#038;p=10235"},"modified":"2025-04-27T15:14:43","modified_gmt":"2025-04-27T13:14:43","slug":"aquarelle-village-n-schreiber","status":"publish","type":"product","link":"https:\/\/legrenierdelatour.be\/brocante\/produit\/aquarelle-village-n-schreiber\/","title":{"rendered":"Aquarelle \u00ab\u00a0Village\u00a0\u00bb Nelly Schreiber"},"content":{"rendered":"<p>Jolie aquarelle (43&#215;33 cm) d\u2019un village, sign\u00e9e N Schreiber. Nelly Schreiber (Libramont 1945 -) dessine depuis 1974. Elle a cr\u00e9\u00e9 la galerie M\u00e9diane \u00e0 Libramont (aujourd\u2019hui disparue) avec Mariette Devresse. Elle a particip\u00e9 \u00e0 diverses expositions de groupe avec des techniques vari\u00e9es : huile, aquarelle, sculpture. Ses sujets de pr\u00e9dilection sont les paysages, les natures mortes et les compositions, dans un style r\u00e9aliste.<\/p>\n<div>R\u00e9f 40.86<\/div>\n","protected":false},"excerpt":{"rendered":"<p>Jolie aquarelle (43&#215;33 cm) d\u2019un village, sign\u00e9e N Schreiber. Nelly Schreiber (Libramont 1945 -) dessine depuis 1974. Elle a cr\u00e9\u00e9 la galerie M\u00e9diane \u00e0 Libramont (aujourd\u2019hui disparue) avec Mariette Devresse. Elle a particip\u00e9 \u00e0 diverses expositions de groupe avec des techniques vari\u00e9es : huile, aquarelle, sculpture. Ses sujets de pr\u00e9dilection sont les paysages, les natures&hellip;&nbsp;<a href=\"https:\/\/legrenierdelatour.be\/brocante\/produit\/aquarelle-village-n-schreiber\/\" class=\"\" rel=\"bookmark\">Lire la suite &raquo;<span class=\"screen-reader-text\">Aquarelle \u00ab\u00a0Village\u00a0\u00bb Nelly Schreiber<\/span><\/a><\/p>\n","protected":false},"featured_media":10236,"comment_status":"open","ping_status":"closed","template":"","meta":{"neve_meta_sidebar":"","neve_meta_container":"","neve_meta_enable_content_width":"off","neve_meta_content_width":100,"neve_meta_title_alignment":"","neve_meta_author_avatar":"","neve_post_elements_order":"","neve_meta_disable_header":"","neve_meta_disable_footer":"","neve_meta_disable_title":""},"product_brand":[],"product_cat":[166,167],"product_tag":[],"class_list":{"0":"post-10235","1":"product","2":"type-product","3":"status-publish","4":"has-post-thumbnail","6":"product_cat-luxemburgensia-luxemburgensia","7":"product_cat-peintures-et-sculptures","9":"first","10":"instock","11":"shipping-taxable","12":"purchasable","13":"product-type-simple"},"_links":{"self":[{"href":"https:\/\/legrenierdelatour.be\/brocante\/wp-json\/wp\/v2\/product\/10235","targetHints":{"allow":["GET"]}}],"collection":[{"href":"https:\/\/legrenierdelatour.be\/brocante\/wp-json\/wp\/v2\/product"}],"about":[{"href":"https:\/\/legrenierdelatour.be\/brocante\/wp-json\/wp\/v2\/types\/product"}],"replies":[{"embeddable":true,"href":"https:\/\/legrenierdelatour.be\/brocante\/wp-json\/wp\/v2\/comments?post=10235"}],"wp:featuredmedia":[{"embeddable":true,"href":"https:\/\/legrenierdelatour.be\/brocante\/wp-json\/wp\/v2\/media\/10236"}],"wp:attachment":[{"href":"https:\/\/legrenierdelatour.be\/brocante\/wp-json\/wp\/v2\/media?parent=10235"}],"wp:term":[{"taxonomy":"product_brand","embeddable":true,"href":"https:\/\/legrenierdelatour.be\/brocante\/wp-json\/wp\/v2\/product_brand?post=10235"},{"taxonomy":"product_cat","embeddable":true,"href":"https:\/\/legrenierdelatour.be\/brocante\/wp-json\/wp\/v2\/product_cat?post=10235"},{"taxonomy":"product_tag","embeddable":true,"href":"https:\/\/legrenierdelatour.be\/brocante\/wp-json\/wp\/v2\/product_tag?post=10235"}],"curies":[{"name":"wp","href":"https:\/\/api.w.org\/{rel}","templated":true}]}}