{"id":10220,"date":"2025-04-10T16:56:19","date_gmt":"2025-04-10T14:56:19","guid":{"rendered":"https:\/\/legrenierdelatour.be\/brocante\/?post_type=product&#038;p=10220"},"modified":"2025-04-10T16:56:20","modified_gmt":"2025-04-10T14:56:20","slug":"assiette-emaux-de-longwy-justin-masson-debut-du-20e-siecle","status":"publish","type":"product","link":"https:\/\/legrenierdelatour.be\/brocante\/produit\/assiette-emaux-de-longwy-justin-masson-debut-du-20e-siecle\/","title":{"rendered":"Assiette Emaux de Longwy, Justin Masson, d\u00e9but du 20\u00e8 si\u00e8cle"},"content":{"rendered":"<p>Belle assiette (22 cm de diam\u00e8tre) en \u00e9maux de Longwy, rehauss\u00e9e par Justin Masson (1882-1959). Elle est sign\u00e9e J.M. Justin Masson entre aux fa\u00efencerie en 1895. Il travaillera comme rehausseur de 1900 \u00e0 1956. Le travail des rehausseurs consiste \u00e0 mettre le dessin en valeur par l\u2019apposition d\u2019une deuxi\u00e8me couche d\u2019\u00e9mail sur la premi\u00e8re, qui va donner du volume et de la profondeur au dessin. Cette assiette porte un d\u00e9cor japanisant avec un h\u00e9ron et des fleurs. Elle est en bon \u00e9tat.<\/p>\n<div>R\u00e9f 40.76<\/div>\n","protected":false},"excerpt":{"rendered":"<p>Belle assiette (22 cm de diam\u00e8tre) en \u00e9maux de Longwy, rehauss\u00e9e par Justin Masson (1882-1959). Elle est sign\u00e9e J.M. Justin Masson entre aux fa\u00efencerie en 1895. Il travaillera comme rehausseur de 1900 \u00e0 1956. Le travail des rehausseurs consiste \u00e0 mettre le dessin en valeur par l\u2019apposition d\u2019une deuxi\u00e8me couche d\u2019\u00e9mail sur la premi\u00e8re, qui&hellip;&nbsp;<a href=\"https:\/\/legrenierdelatour.be\/brocante\/produit\/assiette-emaux-de-longwy-justin-masson-debut-du-20e-siecle\/\" class=\"\" rel=\"bookmark\">Lire la suite &raquo;<span class=\"screen-reader-text\">Assiette Emaux de Longwy, Justin Masson, d\u00e9but du 20\u00e8 si\u00e8cle<\/span><\/a><\/p>\n","protected":false},"featured_media":10213,"comment_status":"open","ping_status":"closed","template":"","meta":{"neve_meta_sidebar":"","neve_meta_container":"","neve_meta_enable_content_width":"off","neve_meta_content_width":100,"neve_meta_title_alignment":"","neve_meta_author_avatar":"","neve_post_elements_order":"","neve_meta_disable_header":"","neve_meta_disable_footer":"","neve_meta_disable_title":""},"product_brand":[],"product_cat":[16,59,66],"product_tag":[],"class_list":{"0":"post-10220","1":"product","2":"type-product","3":"status-publish","4":"has-post-thumbnail","6":"product_cat-ceramique","7":"product_cat-france","8":"product_cat-longwy","10":"first","11":"instock","12":"shipping-taxable","13":"purchasable","14":"product-type-simple"},"_links":{"self":[{"href":"https:\/\/legrenierdelatour.be\/brocante\/wp-json\/wp\/v2\/product\/10220","targetHints":{"allow":["GET"]}}],"collection":[{"href":"https:\/\/legrenierdelatour.be\/brocante\/wp-json\/wp\/v2\/product"}],"about":[{"href":"https:\/\/legrenierdelatour.be\/brocante\/wp-json\/wp\/v2\/types\/product"}],"replies":[{"embeddable":true,"href":"https:\/\/legrenierdelatour.be\/brocante\/wp-json\/wp\/v2\/comments?post=10220"}],"wp:featuredmedia":[{"embeddable":true,"href":"https:\/\/legrenierdelatour.be\/brocante\/wp-json\/wp\/v2\/media\/10213"}],"wp:attachment":[{"href":"https:\/\/legrenierdelatour.be\/brocante\/wp-json\/wp\/v2\/media?parent=10220"}],"wp:term":[{"taxonomy":"product_brand","embeddable":true,"href":"https:\/\/legrenierdelatour.be\/brocante\/wp-json\/wp\/v2\/product_brand?post=10220"},{"taxonomy":"product_cat","embeddable":true,"href":"https:\/\/legrenierdelatour.be\/brocante\/wp-json\/wp\/v2\/product_cat?post=10220"},{"taxonomy":"product_tag","embeddable":true,"href":"https:\/\/legrenierdelatour.be\/brocante\/wp-json\/wp\/v2\/product_tag?post=10220"}],"curies":[{"name":"wp","href":"https:\/\/api.w.org\/{rel}","templated":true}]}}