{"id":10193,"date":"2025-04-08T19:07:22","date_gmt":"2025-04-08T17:07:22","guid":{"rendered":"https:\/\/legrenierdelatour.be\/brocante\/?post_type=product&#038;p=10193"},"modified":"2025-05-02T08:45:43","modified_gmt":"2025-05-02T06:45:43","slug":"assiette-yuppi-cactus-2012","status":"publish","type":"product","link":"https:\/\/legrenierdelatour.be\/brocante\/produit\/assiette-yuppi-cactus-2012\/","title":{"rendered":"Assiette Yuppi Cactus 2012"},"content":{"rendered":"<p>Assiette \u00e0 soupe (22 cm de diam\u00e8tre) \u00e9dit\u00e9e en 2012 pour les 25 ans de Yuppi Cactus \u00e0 Luxembourg. Cette assiette a \u00e9t\u00e9 produite par la manufacture allemande Kahla. Elle est en parfait \u00e9tat.<\/p>\n<p>Sont disponibles 2 assiettes \u00e0 soupe et une assiette plate. Elles sont vendues au prix de 12\u20ac pi\u00e8ce.<\/p>\n<div>R\u00e9f 40.66<\/div>\n","protected":false},"excerpt":{"rendered":"<p>Assiette \u00e0 soupe (22 cm de diam\u00e8tre) \u00e9dit\u00e9e en 2012 pour les 25 ans de Yuppi Cactus \u00e0 Luxembourg. Cette assiette a \u00e9t\u00e9 produite par la manufacture allemande Kahla. Elle est en parfait \u00e9tat. Sont disponibles 2 assiettes \u00e0 soupe et une assiette plate. Elles sont vendues au prix de 12\u20ac pi\u00e8ce. R\u00e9f 40.66<\/p>\n","protected":false},"featured_media":10194,"comment_status":"open","ping_status":"closed","template":"","meta":{"neve_meta_sidebar":"","neve_meta_container":"","neve_meta_enable_content_width":"off","neve_meta_content_width":100,"neve_meta_title_alignment":"","neve_meta_author_avatar":"","neve_post_elements_order":"","neve_meta_disable_header":"","neve_meta_disable_footer":"","neve_meta_disable_title":""},"product_brand":[],"product_cat":[48,16,166,173],"product_tag":[],"class_list":{"0":"post-10193","1":"product","2":"type-product","3":"status-publish","4":"has-post-thumbnail","6":"product_cat-allemagne","7":"product_cat-ceramique","8":"product_cat-luxemburgensia-luxemburgensia","9":"product_cat-objets-de-publicite","11":"first","12":"instock","13":"shipping-taxable","14":"purchasable","15":"product-type-simple"},"_links":{"self":[{"href":"https:\/\/legrenierdelatour.be\/brocante\/wp-json\/wp\/v2\/product\/10193","targetHints":{"allow":["GET"]}}],"collection":[{"href":"https:\/\/legrenierdelatour.be\/brocante\/wp-json\/wp\/v2\/product"}],"about":[{"href":"https:\/\/legrenierdelatour.be\/brocante\/wp-json\/wp\/v2\/types\/product"}],"replies":[{"embeddable":true,"href":"https:\/\/legrenierdelatour.be\/brocante\/wp-json\/wp\/v2\/comments?post=10193"}],"wp:featuredmedia":[{"embeddable":true,"href":"https:\/\/legrenierdelatour.be\/brocante\/wp-json\/wp\/v2\/media\/10194"}],"wp:attachment":[{"href":"https:\/\/legrenierdelatour.be\/brocante\/wp-json\/wp\/v2\/media?parent=10193"}],"wp:term":[{"taxonomy":"product_brand","embeddable":true,"href":"https:\/\/legrenierdelatour.be\/brocante\/wp-json\/wp\/v2\/product_brand?post=10193"},{"taxonomy":"product_cat","embeddable":true,"href":"https:\/\/legrenierdelatour.be\/brocante\/wp-json\/wp\/v2\/product_cat?post=10193"},{"taxonomy":"product_tag","embeddable":true,"href":"https:\/\/legrenierdelatour.be\/brocante\/wp-json\/wp\/v2\/product_tag?post=10193"}],"curies":[{"name":"wp","href":"https:\/\/api.w.org\/{rel}","templated":true}]}}