{"id":10144,"date":"2025-04-01T17:45:06","date_gmt":"2025-04-01T15:45:06","guid":{"rendered":"https:\/\/legrenierdelatour.be\/brocante\/?post_type=product&#038;p=10144"},"modified":"2025-04-01T17:45:17","modified_gmt":"2025-04-01T15:45:17","slug":"service-liqueur-en-cristal-ambre-art-deco","status":"publish","type":"product","link":"https:\/\/legrenierdelatour.be\/brocante\/produit\/service-liqueur-en-cristal-ambre-art-deco\/","title":{"rendered":"Service liqueur en cristal ambre, Art D\u00e9co"},"content":{"rendered":"<p>Beau service \u00e0 liqueur en cristal moul\u00e9 de couleur ambre, comprenant une carafe (22 cm de haut) et 6 verres (6 cm de haut). Il est de style Art D\u00e9co et date sans doute des ann\u00e9es 1930-50. Il s&rsquo;agit sans doute d&rsquo;une production de Boh\u00eame, dans le go\u00fbt de Moser.<\/p>\n<div>R\u00e9f 40.50<\/div>\n","protected":false},"excerpt":{"rendered":"<p>Beau service \u00e0 liqueur en cristal moul\u00e9 de couleur ambre, comprenant une carafe (22 cm de haut) et 6 verres (6 cm de haut). Il est de style Art D\u00e9co et date sans doute des ann\u00e9es 1930-50. Il s&rsquo;agit sans doute d&rsquo;une production de Boh\u00eame, dans le go\u00fbt de Moser. R\u00e9f 40.50<\/p>\n","protected":false},"featured_media":10145,"comment_status":"open","ping_status":"closed","template":"","meta":{"neve_meta_sidebar":"","neve_meta_container":"","neve_meta_enable_content_width":"off","neve_meta_content_width":100,"neve_meta_title_alignment":"","neve_meta_author_avatar":"","neve_post_elements_order":"","neve_meta_disable_header":"","neve_meta_disable_footer":"","neve_meta_disable_title":""},"product_brand":[],"product_cat":[22],"product_tag":[],"class_list":{"0":"post-10144","1":"product","2":"type-product","3":"status-publish","4":"has-post-thumbnail","6":"product_cat-verrerie","8":"first","9":"instock","10":"shipping-taxable","11":"purchasable","12":"product-type-simple"},"_links":{"self":[{"href":"https:\/\/legrenierdelatour.be\/brocante\/wp-json\/wp\/v2\/product\/10144","targetHints":{"allow":["GET"]}}],"collection":[{"href":"https:\/\/legrenierdelatour.be\/brocante\/wp-json\/wp\/v2\/product"}],"about":[{"href":"https:\/\/legrenierdelatour.be\/brocante\/wp-json\/wp\/v2\/types\/product"}],"replies":[{"embeddable":true,"href":"https:\/\/legrenierdelatour.be\/brocante\/wp-json\/wp\/v2\/comments?post=10144"}],"wp:featuredmedia":[{"embeddable":true,"href":"https:\/\/legrenierdelatour.be\/brocante\/wp-json\/wp\/v2\/media\/10145"}],"wp:attachment":[{"href":"https:\/\/legrenierdelatour.be\/brocante\/wp-json\/wp\/v2\/media?parent=10144"}],"wp:term":[{"taxonomy":"product_brand","embeddable":true,"href":"https:\/\/legrenierdelatour.be\/brocante\/wp-json\/wp\/v2\/product_brand?post=10144"},{"taxonomy":"product_cat","embeddable":true,"href":"https:\/\/legrenierdelatour.be\/brocante\/wp-json\/wp\/v2\/product_cat?post=10144"},{"taxonomy":"product_tag","embeddable":true,"href":"https:\/\/legrenierdelatour.be\/brocante\/wp-json\/wp\/v2\/product_tag?post=10144"}],"curies":[{"name":"wp","href":"https:\/\/api.w.org\/{rel}","templated":true}]}}