{"id":10073,"date":"2025-02-25T14:58:58","date_gmt":"2025-02-25T13:58:58","guid":{"rendered":"https:\/\/legrenierdelatour.be\/brocante\/?post_type=product&#038;p=10073"},"modified":"2025-02-25T14:58:59","modified_gmt":"2025-02-25T13:58:59","slug":"boite-en-faience-satsuma","status":"publish","type":"product","link":"https:\/\/legrenierdelatour.be\/brocante\/produit\/boite-en-faience-satsuma\/","title":{"rendered":"Bo\u00eete en fa\u00efence, Satsuma"},"content":{"rendered":"<p>Boite en faience (9 cm de diam\u00e8tre), vaec d\u00e9cor floral cloisonn\u00e9. Il s\u2019air d\u2019une bo\u00eete de type Satsuma, produite au Japon (Made in Japan au cachet dessous). Les pi\u00e8ces japonaises Satsuma sont caract\u00e9ris\u00e9es par leur fond de couleur ivoire et les d\u00e9corations cloisonn\u00e9es. Les d\u00e9corations sont ici peintes \u00e0 la main, closonn\u00e9es par de la peinture dor\u00e9e en relief. Cette bo\u00eete date sans doute de la deuxi\u00e8me moiti\u00e9 du 20\u00e8 si\u00e8cle.<\/p>\n<div>R\u00e9f 40.20<\/div>\n","protected":false},"excerpt":{"rendered":"<p>Boite en faience (9 cm de diam\u00e8tre), vaec d\u00e9cor floral cloisonn\u00e9. Il s\u2019air d\u2019une bo\u00eete de type Satsuma, produite au Japon (Made in Japan au cachet dessous). Les pi\u00e8ces japonaises Satsuma sont caract\u00e9ris\u00e9es par leur fond de couleur ivoire et les d\u00e9corations cloisonn\u00e9es. Les d\u00e9corations sont ici peintes \u00e0 la main, closonn\u00e9es par de la&hellip;&nbsp;<a href=\"https:\/\/legrenierdelatour.be\/brocante\/produit\/boite-en-faience-satsuma\/\" class=\"\" rel=\"bookmark\">Lire la suite &raquo;<span class=\"screen-reader-text\">Bo\u00eete en fa\u00efence, Satsuma<\/span><\/a><\/p>\n","protected":false},"featured_media":10074,"comment_status":"open","ping_status":"closed","template":"","meta":{"neve_meta_sidebar":"","neve_meta_container":"","neve_meta_enable_content_width":"off","neve_meta_content_width":100,"neve_meta_title_alignment":"","neve_meta_author_avatar":"","neve_post_elements_order":"","neve_meta_disable_header":"","neve_meta_disable_footer":"","neve_meta_disable_title":""},"product_brand":[],"product_cat":[15],"product_tag":[],"class_list":{"0":"post-10073","1":"product","2":"type-product","3":"status-publish","4":"has-post-thumbnail","6":"product_cat-non-classe","8":"first","9":"instock","10":"shipping-taxable","11":"purchasable","12":"product-type-simple"},"_links":{"self":[{"href":"https:\/\/legrenierdelatour.be\/brocante\/wp-json\/wp\/v2\/product\/10073","targetHints":{"allow":["GET"]}}],"collection":[{"href":"https:\/\/legrenierdelatour.be\/brocante\/wp-json\/wp\/v2\/product"}],"about":[{"href":"https:\/\/legrenierdelatour.be\/brocante\/wp-json\/wp\/v2\/types\/product"}],"replies":[{"embeddable":true,"href":"https:\/\/legrenierdelatour.be\/brocante\/wp-json\/wp\/v2\/comments?post=10073"}],"wp:featuredmedia":[{"embeddable":true,"href":"https:\/\/legrenierdelatour.be\/brocante\/wp-json\/wp\/v2\/media\/10074"}],"wp:attachment":[{"href":"https:\/\/legrenierdelatour.be\/brocante\/wp-json\/wp\/v2\/media?parent=10073"}],"wp:term":[{"taxonomy":"product_brand","embeddable":true,"href":"https:\/\/legrenierdelatour.be\/brocante\/wp-json\/wp\/v2\/product_brand?post=10073"},{"taxonomy":"product_cat","embeddable":true,"href":"https:\/\/legrenierdelatour.be\/brocante\/wp-json\/wp\/v2\/product_cat?post=10073"},{"taxonomy":"product_tag","embeddable":true,"href":"https:\/\/legrenierdelatour.be\/brocante\/wp-json\/wp\/v2\/product_tag?post=10073"}],"curies":[{"name":"wp","href":"https:\/\/api.w.org\/{rel}","templated":true}]}}